NOAA-Style Climate Reports


Report for 2018 December
                   Monthly Climatological Summary for Dec 2018

Name: Fordingbridge Weather   City: Fordingbridge   State: Hampshire
Elevation: 31 m  Lat: N 50° 55' 53"   Lon: W 001° 47' 21"

                  Temperature (°C), Rain (mm), Wind Speed (mph)

                                      Heat  Cool        Avg
    Mean                              Deg   Deg         Wind                 Dom
Day Temp  High   Time   Low    Time   Days  Days  Rain  Speed High   Time    Dir
----------------------------------------------------------------------------------
 1  10.7  13.3   12:01   4.2   00:00   4.8   0.0  16.8   4.5  25.1   08:49   SSW
 2  13.4  14.2   11:47  12.6   23:03   2.1   0.0   3.0   6.8  25.1   18:04    SW
 3  11.2  13.4   12:45   5.2   23:37   4.3   0.0   0.2   5.9  29.6   12:41   WSW
 4   4.2   8.1   14:01  -1.0   07:33  11.3   0.0   0.2   0.8  11.4   20:41   ENE
 5  11.0  12.8   17:51   7.2   23:50   4.5   0.0  11.4   3.4  20.5   12:21   SSW
 6  11.4  12.9   23:16   7.2   00:00   4.1   0.0   0.6   4.6  23.9   22:34    SW
 7   9.8  12.8   00:00   6.7   20:27   5.7   0.0  15.2   8.9  31.9   13:07   WSW
 8  10.0  12.2   14:09   8.2   00:35   5.5   0.0   3.2   9.2  34.2   17:41   WSW
 9   9.5  11.4   11:42   7.6   21:37   6.0   0.0   1.6   8.3  34.2   00:31     W
10   6.7   9.8   13:25   2.5   23:59   8.8   0.0   0.0   2.9  19.4   00:15     W
11   5.0   8.9   12:40  -0.3   04:48  10.5   0.0   0.0   1.3  10.3   11:49    SE
12   6.7   9.1   12:42   4.2   19:30   8.8   0.0   0.0   4.2  21.7   12:50    SE
13   4.2   6.4   11:50   0.3   23:43  11.3   0.0   0.0   6.4  26.2   11:12   ESE
----------------------------------------------------------------------------------
     8.8  14.2     2    -1.0     4    87.7   0.0  52.2   5.2  34.2     8      SW

Max >=  27.0:  0
Max <=   0.0:  0
Min <=   0.0:  2
Min <= -18.0:  0
Max Rain: 16.8 on day 1
Days of Rain: 9 (>= 0.2 mm)  5 (>= 2.0 mm)  0 (>= 20.0 mm)
Heat Base: 15.5  Cool Base: 15.5  Method: Integration