NOAA-Style Climate Reports

Select a Year or Month report
2019: Jan Feb Mar Apr May Jun Jul Aug Sep Oct Nov Dec
2018: Jan Feb Mar Apr May Jun Jul Aug Sep Oct Nov Dec
2017: Jan Feb Mar Apr May Jun Jul Aug Sep Oct Nov Dec
2016: Jan Feb Mar Apr May Jun Jul Aug Sep Oct Nov Dec
2015: Jan Feb Mar Apr May Jun Jul Aug Sep Oct Nov Dec
2014: Jan Feb Mar Apr May Jun Jul Aug Sep Oct Nov Dec
2013: Jan Feb Mar Apr May Jun Jul Aug Sep Oct Nov Dec
2012: Jan Feb Mar Apr May Jun Jul Aug Sep Oct Nov Dec

Report for 2019 February
                   Monthly Climatological Summary for Feb 2019

Name: Fordingbridge Weather   City: Fordingbridge   State: Hampshire
Elevation: 31 m  Lat: N 50° 55' 53"   Lon: W 001° 47' 21"

                  Temperature (°C), Rain (mm), Wind Speed (mph)

                                      Heat  Cool        Avg
    Mean                              Deg   Deg         Wind                 Dom
Day Temp  High   Time   Low    Time   Days  Days  Rain  Speed High   Time    Dir
----------------------------------------------------------------------------------
 1   0.7   1.7   23:11  -0.3   00:15  14.8   0.0   5.4   6.8  22.8   19:10     N
 2   1.1   4.4   15:10  -2.2   23:59  14.4   0.0   2.4   4.6  23.9   00:46   NNW
 3   1.0   8.2   15:14  -6.8   07:06  14.4   0.0   1.2   1.9  18.2   23:51   SSW
 4   7.2  11.2   14:38   1.3   23:35   8.2   0.0  10.6   4.9  28.5   05:10   SSW
 5   5.7   9.9   23:54   1.1   01:04   9.8   0.0   7.6   3.7  18.2   10:32     S
 6   9.2  11.1   14:09   7.7   05:30   6.3   0.0   9.0   3.3  31.9   23:46   SSW
 7   7.7  10.2   14:06   5.3   06:49   7.8   0.0   2.0   8.0  36.5   03:08   WSW
 8   9.1  10.5   13:22   6.9   22:46   6.4   0.0  17.2  10.6  36.5   10:59    SW
 9   8.0  10.6   13:03   6.5   23:58   7.5   0.0   4.4   7.5  28.5   09:53   WSW
10   5.8   8.3   15:17   3.4   21:03   9.7   0.0   4.6   5.0  27.4   13:18     W
11   5.8   9.7   13:25   0.0   23:46   9.7   0.0   0.0   3.0  22.8   04:25    NW
12   5.2  11.3   13:21  -1.6   03:14  10.3   0.0   0.0   1.6  16.0   12:44    SW
13   7.3  11.6   13:51   1.1   23:43   8.1   0.0   0.0   2.3  17.1   11:46     S
14   4.2  13.6   15:28  -1.3   05:37  11.3   0.0   0.2   1.4  13.7   12:29   SSE
15   4.1  13.4   14:50  -1.8   06:10  11.4   0.0   0.2   1.2  14.8   12:36     S
----------------------------------------------------------------------------------
     5.5  13.6    14    -6.8     3   150.1   0.0  64.8   4.4  36.5     7     WSW

Max >=  27.0:  0
Max <=   0.0:  0
Min <=   0.0:  7
Min <= -18.0:  0
Max Rain: 17.2 on day 8
Days of Rain: 12 (>= 0.2 mm)  9 (>= 2.0 mm)  0 (>= 20.0 mm)
Heat Base: 15.5  Cool Base: 15.5  Method: Integration