NOAA-Style Climate Reports
Select a Year or Month report
2024: Jan Feb Mar Apr May Jun Jul Aug Sep Oct Nov Dec
2023: Jan Feb Mar Apr May Jun Jul Aug Sep Oct Nov Dec
2022: Jan Feb Mar Apr May Jun Jul Aug Sep Oct Nov Dec
2021: Jan Feb Mar Apr May Jun Jul Aug Sep Oct Nov Dec
2020: Jan Feb Mar Apr May Jun Jul Aug Sep Oct Nov Dec
2019: Jan Feb Mar Apr May Jun Jul Aug Sep Oct Nov Dec
2018: Jan Feb Mar Apr May Jun Jul Aug Sep Oct Nov Dec
2017: Jan Feb Mar Apr May Jun Jul Aug Sep Oct Nov Dec
2016: Jan Feb Mar Apr May Jun Jul Aug Sep Oct Nov Dec
2015: Jan Feb Mar Apr May Jun Jul Aug Sep Oct Nov Dec
2014: Jan Feb Mar Apr May Jun Jul Aug Sep Oct Nov Dec
2013: Jan Feb Mar Apr May Jun Jul Aug Sep Oct Nov Dec
2012: Jan Feb Mar Apr May Jun Jul Aug Sep Oct Nov Dec
2024: Jan Feb Mar Apr May Jun Jul Aug Sep Oct Nov Dec
2023: Jan Feb Mar Apr May Jun Jul Aug Sep Oct Nov Dec
2022: Jan Feb Mar Apr May Jun Jul Aug Sep Oct Nov Dec
2021: Jan Feb Mar Apr May Jun Jul Aug Sep Oct Nov Dec
2020: Jan Feb Mar Apr May Jun Jul Aug Sep Oct Nov Dec
2019: Jan Feb Mar Apr May Jun Jul Aug Sep Oct Nov Dec
2018: Jan Feb Mar Apr May Jun Jul Aug Sep Oct Nov Dec
2017: Jan Feb Mar Apr May Jun Jul Aug Sep Oct Nov Dec
2016: Jan Feb Mar Apr May Jun Jul Aug Sep Oct Nov Dec
2015: Jan Feb Mar Apr May Jun Jul Aug Sep Oct Nov Dec
2014: Jan Feb Mar Apr May Jun Jul Aug Sep Oct Nov Dec
2013: Jan Feb Mar Apr May Jun Jul Aug Sep Oct Nov Dec
2012: Jan Feb Mar Apr May Jun Jul Aug Sep Oct Nov Dec
Report for 2024 March
Monthly Climatological Summary for Mar 2024 Name: Fordingbridge Weather City: Fordingbridge State: Hampshire Elevation: 31 m Lat: N 50° 55' 53" Lon: W 001° 47' 21" Temperature (°C), Rain (mm), Wind Speed (mph) Heat Cool Avg Mean Deg Deg Wind Dom Day Temp High Time Low Time Days Days Rain Speed High Time Dir ---------------------------------------------------------------------------------- 1 5.3 9.0 12:03 1.9 01:37 10.2 0.0 13.4 6.4 37.6 05:45 SSW 2 4.5 8.7 12:39 -0.3 23:59 11.0 0.0 7.0 3.3 23.9 02:57 SW 3 3.4 11.2 15:09 -2.6 05:55 12.1 0.0 0.0 1.1 11.4 12:31 WSW 4 4.9 10.3 11:25 -1.3 05:44 10.6 0.0 10.6 4.6 30.8 11:08 SSE 5 4.8 9.3 15:43 0.8 23:53 10.7 0.0 8.2 1.0 10.3 16:28 NW 6 5.1 13.4 15:46 -1.0 06:32 10.4 0.0 0.2 1.8 16.0 13:41 S 7 7.0 11.9 13:26 3.3 06:30 8.5 0.0 0.2 5.6 26.2 20:28 E 8 7.0 11.9 14:34 3.4 06:48 8.5 0.0 0.0 6.8 26.2 12:35 ENE 9 8.8 12.0 13:10 6.4 04:18 6.7 0.0 2.2 5.3 21.7 15:27 E 10 8.9 12.6 13:42 6.7 22:28 6.6 0.0 1.0 1.2 11.4 16:16 SW 11 7.8 9.9 15:53 5.8 23:48 7.7 0.0 0.0 2.7 14.8 09:16 NNW 12 10.8 14.4 15:13 5.6 00:29 4.7 0.0 7.6 5.7 22.8 08:03 WSW 13 11.6 13.6 12:51 10.0 21:47 3.9 0.0 0.0 7.0 28.5 13:29 WSW 14 11.3 15.2 12:36 8.8 01:58 4.2 0.0 4.2 5.4 23.9 13:08 SSW 15 11.8 14.3 14:26 6.7 23:55 3.7 0.0 1.2 6.8 28.5 14:43 WSW 16 8.0 11.3 12:55 1.2 06:33 7.5 0.0 0.2 3.0 16.0 13:21 S 17 11.9 15.8 12:37 9.3 22:53 3.6 0.0 7.2 4.4 22.8 15:10 SW 18 11.1 14.1 15:56 7.4 04:14 4.4 0.0 0.4 4.2 21.7 15:01 SW ---------------------------------------------------------------------------------- 8.0 15.8 17 -2.6 3 135.0 0.0 63.6 4.2 37.6 1 SSW Max >= 27.0: 0 Max <= 0.0: 0 Min <= 0.0: 4 Min <= -18.0: 0 Max Rain: 13.4 on day 1 Days of Rain: 14 (>= 0.2 mm) 8 (>= 2.0 mm) 0 (>= 20.0 mm) Heat Base: 15.5 Cool Base: 15.5 Method: Integration