NOAA-Style Climate Reports
Select a Year or Month report
2024: Jan Feb Mar Apr May Jun Jul Aug Sep Oct Nov Dec
2023: Jan Feb Mar Apr May Jun Jul Aug Sep Oct Nov Dec
2022: Jan Feb Mar Apr May Jun Jul Aug Sep Oct Nov Dec
2021: Jan Feb Mar Apr May Jun Jul Aug Sep Oct Nov Dec
2020: Jan Feb Mar Apr May Jun Jul Aug Sep Oct Nov Dec
2019: Jan Feb Mar Apr May Jun Jul Aug Sep Oct Nov Dec
2018: Jan Feb Mar Apr May Jun Jul Aug Sep Oct Nov Dec
2017: Jan Feb Mar Apr May Jun Jul Aug Sep Oct Nov Dec
2016: Jan Feb Mar Apr May Jun Jul Aug Sep Oct Nov Dec
2015: Jan Feb Mar Apr May Jun Jul Aug Sep Oct Nov Dec
2014: Jan Feb Mar Apr May Jun Jul Aug Sep Oct Nov Dec
2013: Jan Feb Mar Apr May Jun Jul Aug Sep Oct Nov Dec
2012: Jan Feb Mar Apr May Jun Jul Aug Sep Oct Nov Dec
2024: Jan Feb Mar Apr May Jun Jul Aug Sep Oct Nov Dec
2023: Jan Feb Mar Apr May Jun Jul Aug Sep Oct Nov Dec
2022: Jan Feb Mar Apr May Jun Jul Aug Sep Oct Nov Dec
2021: Jan Feb Mar Apr May Jun Jul Aug Sep Oct Nov Dec
2020: Jan Feb Mar Apr May Jun Jul Aug Sep Oct Nov Dec
2019: Jan Feb Mar Apr May Jun Jul Aug Sep Oct Nov Dec
2018: Jan Feb Mar Apr May Jun Jul Aug Sep Oct Nov Dec
2017: Jan Feb Mar Apr May Jun Jul Aug Sep Oct Nov Dec
2016: Jan Feb Mar Apr May Jun Jul Aug Sep Oct Nov Dec
2015: Jan Feb Mar Apr May Jun Jul Aug Sep Oct Nov Dec
2014: Jan Feb Mar Apr May Jun Jul Aug Sep Oct Nov Dec
2013: Jan Feb Mar Apr May Jun Jul Aug Sep Oct Nov Dec
2012: Jan Feb Mar Apr May Jun Jul Aug Sep Oct Nov Dec
Report for 2012 September
Monthly Climatological Summary for Sep 2012 Name: Fordingbridge Weather City: Fordingbrige State: Hampshire Elevation: 31 m Lat: N 50° 55' 53" Lon: W 001° 47' 21" Temperature (°C), Rain (mm), Wind Speed (mph) Heat Cool Avg Mean Deg Deg Wind Dom Day Temp High Time Low Time Days Days Rain Speed High Time Dir ---------------------------------------------------------------------------------- 5 17.9 22.3 16:40 10.2 23:47 1.0 0.8 0.0 2.4 13.6 14:06 NNE 6 14.3 23.1 14:29 6.7 06:33 4.9 1.0 0.0 0.7 9.2 16:58 SSW 7 15.5 26.8 16:41 6.4 06:12 4.7 2.0 0.0 0.7 9.2 11:55 W 8 14.0 25.3 16:29 6.7 03:28 4.4 1.1 0.0 0.6 8.3 14:52 SSW 9 14.8 24.0 12:59 6.0 06:47 4.4 1.1 0.0 1.9 14.5 13:18 SW 10 17.4 20.9 14:54 15.9 02:28 1.2 0.3 1.5 2.8 15.9 13:00 SW 11 14.6 17.9 15:49 11.3 23:44 3.7 0.0 0.6 2.6 19.7 13:16 W 12 13.8 19.2 14:28 9.8 04:43 4.3 0.0 1.5 1.4 14.5 21:54 W 13 12.2 20.7 16:55 5.2 06:44 5.2 0.2 0.0 1.2 13.0 15:54 WNW 14 16.4 21.9 15:12 10.7 23:57 2.2 0.3 0.0 3.5 21.3 12:37 W 15 14.4 22.8 14:30 6.6 06:10 4.9 0.9 0.0 0.6 10.7 11:13 WSW 16 15.9 19.5 14:41 13.3 06:36 2.5 0.1 0.0 0.9 13.0 13:51 WSW 17 15.3 20.7 15:51 10.0 06:40 3.3 0.3 0.3 1.2 14.5 16:40 WSW 18 12.8 19.2 14:41 7.6 22:39 5.5 0.0 0.3 1.0 19.7 12:07 WNW 19 10.8 19.0 16:12 3.2 06:40 7.5 0.0 0.0 1.0 15.9 11:27 WNW 20 12.3 17.4 12:54 7.4 05:50 6.0 0.0 0.0 0.5 11.4 11:41 WSW 21 12.1 18.7 14:41 6.7 06:57 6.2 0.0 0.0 0.4 8.3 23:11 NW 22 10.9 17.7 14:46 4.2 06:38 7.4 0.0 0.0 1.1 10.7 10:33 NE 23 10.6 11.7 23:51 10.0 08:10 7.7 0.0 14.1 2.7 23.5 13:34 ENE 24 12.7 17.4 15:08 9.1 23:07 5.7 0.0 12.3 3.0 26.6 13:15 W 25 11.3 16.8 15:46 5.6 06:05 7.0 0.0 1.2 1.9 17.4 15:36 SW 26 12.5 18.5 13:07 9.8 05:18 5.9 0.0 5.1 1.1 11.4 14:22 SW 27 12.7 18.2 13:56 8.4 23:57 5.6 0.0 0.3 1.8 12.1 05:35 NW 28 11.8 17.9 15:27 6.4 03:08 6.6 0.0 1.8 0.6 16.8 12:04 WSW 29 10.6 18.0 15:54 5.2 07:19 7.7 0.0 0.0 1.0 15.9 11:40 WNW 30 11.0 16.6 13:04 3.2 05:06 7.4 0.0 0.0 2.2 16.8 14:53 WSW ---------------------------------------------------------------------------------- 13.4 26.8 7 3.2 19 132.9 8.1 39.0 1.4 26.6 24 W Max >= 27.0: 0 Max <= 0.0: 0 Min <= 0.0: 0 Min <= -18.0: 0 Max Rain: 14.1 on day 23 Days of Rain: 11 (>= 0.2 mm) 3 (>= 2.0 mm) 0 (>= 20.0 mm) Heat Base: 18.3 Cool Base: 18.3 Method: Integration