NOAA-Style Climate Reports
Select a Year or Month report
2024: Jan Feb Mar Apr May Jun Jul Aug Sep Oct Nov Dec
2023: Jan Feb Mar Apr May Jun Jul Aug Sep Oct Nov Dec
2022: Jan Feb Mar Apr May Jun Jul Aug Sep Oct Nov Dec
2021: Jan Feb Mar Apr May Jun Jul Aug Sep Oct Nov Dec
2020: Jan Feb Mar Apr May Jun Jul Aug Sep Oct Nov Dec
2019: Jan Feb Mar Apr May Jun Jul Aug Sep Oct Nov Dec
2018: Jan Feb Mar Apr May Jun Jul Aug Sep Oct Nov Dec
2017: Jan Feb Mar Apr May Jun Jul Aug Sep Oct Nov Dec
2016: Jan Feb Mar Apr May Jun Jul Aug Sep Oct Nov Dec
2015: Jan Feb Mar Apr May Jun Jul Aug Sep Oct Nov Dec
2014: Jan Feb Mar Apr May Jun Jul Aug Sep Oct Nov Dec
2013: Jan Feb Mar Apr May Jun Jul Aug Sep Oct Nov Dec
2012: Jan Feb Mar Apr May Jun Jul Aug Sep Oct Nov Dec
2024: Jan Feb Mar Apr May Jun Jul Aug Sep Oct Nov Dec
2023: Jan Feb Mar Apr May Jun Jul Aug Sep Oct Nov Dec
2022: Jan Feb Mar Apr May Jun Jul Aug Sep Oct Nov Dec
2021: Jan Feb Mar Apr May Jun Jul Aug Sep Oct Nov Dec
2020: Jan Feb Mar Apr May Jun Jul Aug Sep Oct Nov Dec
2019: Jan Feb Mar Apr May Jun Jul Aug Sep Oct Nov Dec
2018: Jan Feb Mar Apr May Jun Jul Aug Sep Oct Nov Dec
2017: Jan Feb Mar Apr May Jun Jul Aug Sep Oct Nov Dec
2016: Jan Feb Mar Apr May Jun Jul Aug Sep Oct Nov Dec
2015: Jan Feb Mar Apr May Jun Jul Aug Sep Oct Nov Dec
2014: Jan Feb Mar Apr May Jun Jul Aug Sep Oct Nov Dec
2013: Jan Feb Mar Apr May Jun Jul Aug Sep Oct Nov Dec
2012: Jan Feb Mar Apr May Jun Jul Aug Sep Oct Nov Dec
Report for 2012 November
Monthly Climatological Summary for Nov 2012 Name: Fordingbridge Weather City: Fordingbrige State: Hampshire Elevation: 31 m Lat: N 50° 55' 53" Lon: W 001° 47' 21" Temperature (°C), Rain (mm), Wind Speed (mph) Heat Cool Avg Mean Deg Deg Wind Dom Day Temp High Time Low Time Days Days Rain Speed High Time Dir ---------------------------------------------------------------------------------- 1 6.6 9.7 12:20 2.8 21:45 11.8 0.0 0.6 2.1 19.7 13:45 W 2 5.4 11.2 12:49 0.7 08:22 12.9 0.0 0.3 2.4 23.5 13:44 WSW 3 4.2 10.5 12:17 -0.1 01:49 14.1 0.0 0.0 2.0 25.1 16:22 WSW 4 4.5 7.6 14:46 0.7 00:01 13.8 0.0 23.1 3.0 22.1 09:11 NNW 5 4.8 9.8 13:27 -0.6 23:57 13.7 0.0 0.0 2.5 17.4 13:56 N 6 4.7 11.3 13:44 -2.5 06:55 13.6 0.0 0.0 1.9 16.8 12:44 W 7 7.8 10.9 11:15 3.3 05:45 10.6 0.0 0.0 2.4 15.2 11:08 WSW 8 8.9 12.5 12:58 4.1 20:49 9.3 0.0 0.0 2.3 15.9 12:11 WSW 9 8.6 12.3 12:45 6.0 00:00 9.7 0.0 0.0 1.5 17.4 12:57 S 10 7.7 11.2 14:29 1.4 22:37 10.7 0.0 4.5 0.9 13.6 02:18 SW 11 3.6 9.8 13:43 -1.3 07:11 14.7 0.0 0.0 0.4 9.2 14:51 WNW 12 8.9 13.3 15:55 3.8 00:44 9.4 0.0 4.5 1.9 15.9 12:51 SSW 13 11.9 14.2 12:45 10.4 00:46 6.5 0.0 0.0 1.5 12.1 13:15 S 14 9.7 13.4 12:59 3.5 23:07 8.6 0.0 0.0 1.3 12.1 11:17 E 15 7.6 9.4 14:07 4.2 00:23 10.8 0.0 0.0 1.2 8.3 14:48 NE 16 8.8 10.7 17:20 6.7 06:40 9.5 0.0 0.0 1.0 7.6 15:46 ENE 17 10.0 12.5 02:30 3.2 23:51 8.3 0.0 0.3 1.8 13.6 05:38 W 18 2.8 9.2 14:10 -1.3 07:34 15.6 0.0 0.0 0.2 4.5 13:30 S 19 8.9 12.3 22:53 -0.1 01:30 9.4 0.0 1.2 4.7 24.4 22:10 S 20 12.3 13.1 03:43 10.7 22:45 6.0 0.0 9.6 6.3 28.9 09:24 S 21 8.7 12.2 10:27 3.7 22:10 9.7 0.0 11.1 3.6 35.8 10:55 WSW 22 11.7 13.5 14:23 7.3 00:00 6.6 0.0 11.7 8.8 39.6 19:37 S 23 7.0 12.1 14:41 3.7 23:32 11.3 0.0 0.6 0.5 8.3 14:09 S 24 7.9 12.7 23:56 3.0 01:15 10.4 0.0 20.7 4.1 22.1 18:45 ESE 25 10.0 12.7 00:00 6.6 07:41 8.3 0.0 9.9 7.6 39.6 02:12 SW 26 7.5 9.4 14:20 5.8 09:08 10.8 0.0 7.5 2.3 20.6 20:40 NW 27 7.1 8.8 13:36 6.1 01:44 11.2 0.0 0.3 6.0 25.1 13:47 NNW 28 5.9 7.3 14:27 2.2 23:59 12.6 0.0 0.0 6.8 22.1 12:32 NNW 29 1.5 6.0 13:55 -2.7 23:39 16.8 0.0 0.0 2.6 15.9 11:17 NNW 30 0.3 5.3 14:15 -3.1 01:16 18.0 0.0 0.0 0.1 3.8 10:52 SW ---------------------------------------------------------------------------------- 7.2 14.2 13 -3.1 30 334.7 0.0 105.9 2.8 39.6 22 WSW Max >= 27.0: 0 Max <= 0.0: 0 Min <= 0.0: 8 Min <= -18.0: 0 Max Rain: 23.1 on day 4 Days of Rain: 15 (>= 0.2 mm) 9 (>= 2.0 mm) 2 (>= 20.0 mm) Heat Base: 18.3 Cool Base: 18.3 Method: Integration