NOAA-Style Climate Reports
Select a Year or Month report
2024: Jan Feb Mar Apr May Jun Jul Aug Sep Oct Nov Dec
2023: Jan Feb Mar Apr May Jun Jul Aug Sep Oct Nov Dec
2022: Jan Feb Mar Apr May Jun Jul Aug Sep Oct Nov Dec
2021: Jan Feb Mar Apr May Jun Jul Aug Sep Oct Nov Dec
2020: Jan Feb Mar Apr May Jun Jul Aug Sep Oct Nov Dec
2019: Jan Feb Mar Apr May Jun Jul Aug Sep Oct Nov Dec
2018: Jan Feb Mar Apr May Jun Jul Aug Sep Oct Nov Dec
2017: Jan Feb Mar Apr May Jun Jul Aug Sep Oct Nov Dec
2016: Jan Feb Mar Apr May Jun Jul Aug Sep Oct Nov Dec
2015: Jan Feb Mar Apr May Jun Jul Aug Sep Oct Nov Dec
2014: Jan Feb Mar Apr May Jun Jul Aug Sep Oct Nov Dec
2013: Jan Feb Mar Apr May Jun Jul Aug Sep Oct Nov Dec
2012: Jan Feb Mar Apr May Jun Jul Aug Sep Oct Nov Dec
2024: Jan Feb Mar Apr May Jun Jul Aug Sep Oct Nov Dec
2023: Jan Feb Mar Apr May Jun Jul Aug Sep Oct Nov Dec
2022: Jan Feb Mar Apr May Jun Jul Aug Sep Oct Nov Dec
2021: Jan Feb Mar Apr May Jun Jul Aug Sep Oct Nov Dec
2020: Jan Feb Mar Apr May Jun Jul Aug Sep Oct Nov Dec
2019: Jan Feb Mar Apr May Jun Jul Aug Sep Oct Nov Dec
2018: Jan Feb Mar Apr May Jun Jul Aug Sep Oct Nov Dec
2017: Jan Feb Mar Apr May Jun Jul Aug Sep Oct Nov Dec
2016: Jan Feb Mar Apr May Jun Jul Aug Sep Oct Nov Dec
2015: Jan Feb Mar Apr May Jun Jul Aug Sep Oct Nov Dec
2014: Jan Feb Mar Apr May Jun Jul Aug Sep Oct Nov Dec
2013: Jan Feb Mar Apr May Jun Jul Aug Sep Oct Nov Dec
2012: Jan Feb Mar Apr May Jun Jul Aug Sep Oct Nov Dec
Report for 2013 February
Monthly Climatological Summary for Feb 2013 Name: Fordingbridge Weather City: Fordingbridge State: Hampshire Elevation: 31 m Lat: N 50° 55' 53" Lon: W 001° 47' 21" Temperature (°C), Rain (mm), Wind Speed (mph) Heat Cool Avg Mean Deg Deg Wind Dom Day Temp High Time Low Time Days Days Rain Speed High Time Dir ---------------------------------------------------------------------------------- 1 6.5 8.7 01:34 5.1 10:24 11.9 0.0 6.9 1.9 18.3 23:10 NW 2 3.5 6.4 14:18 -2.0 23:51 15.1 0.0 0.0 4.1 22.1 13:51 NNW 3 5.4 10.7 19:53 -2.4 01:19 12.9 0.0 0.0 2.3 16.8 11:27 W 4 9.0 11.8 06:31 6.7 23:35 9.3 0.0 0.0 6.6 29.8 08:32 WNW 5 4.5 7.5 00:59 2.0 07:37 13.9 0.0 3.9 5.9 28.2 23:50 W 6 5.1 7.6 02:22 2.1 23:11 13.2 0.0 0.9 6.7 31.1 14:50 NNW 7 3.3 7.1 14:32 0.5 05:13 15.1 0.0 0.0 2.0 17.4 16:36 NW 8 3.9 6.4 13:27 2.1 00:26 14.4 0.0 0.6 1.9 15.2 11:57 NNW 9 3.3 4.7 23:53 2.1 11:36 15.0 0.0 3.6 0.6 12.1 02:35 WNW 10 5.9 7.1 10:41 4.7 00:00 12.4 0.0 11.7 2.6 22.8 10:49 SSE 11 2.6 5.1 00:09 0.9 13:14 15.9 0.0 1.8 1.5 10.7 11:47 NNE 12 2.1 3.9 13:34 1.1 07:11 16.2 0.0 0.0 1.5 11.4 10:04 NNE 13 2.7 6.5 23:57 0.6 04:27 15.5 0.0 3.6 2.7 18.3 13:16 SSE 14 8.4 10.7 11:41 4.0 23:56 9.9 0.0 3.9 4.5 22.1 11:52 W 15 4.8 9.9 13:31 0.7 07:33 13.5 0.0 0.0 0.9 11.4 13:54 WNW 16 4.3 11.4 13:20 -0.2 23:41 14.0 0.0 0.0 0.9 13.0 13:48 S 17 4.5 10.0 14:12 -0.9 01:50 13.8 0.0 0.0 2.3 22.1 13:36 SE 18 4.4 8.6 12:48 1.2 05:36 13.9 0.0 0.0 1.9 15.9 10:59 ESE 19 2.8 10.3 15:33 -2.0 06:13 15.5 0.0 0.0 0.3 6.9 15:38 SSE 20 2.2 6.5 13:56 -1.7 03:15 16.2 0.0 0.0 2.2 19.0 23:09 ENE 21 1.1 3.8 14:05 -1.3 06:52 17.3 0.0 0.0 3.7 22.1 09:52 E 22 0.8 2.4 14:36 0.1 05:41 17.5 0.0 0.0 3.2 15.9 12:41 NE 23 1.0 3.2 11:28 -1.9 23:36 17.3 0.0 0.0 2.4 14.5 13:49 NNE 24 1.1 3.4 13:55 -1.7 00:00 17.2 0.0 0.0 3.2 16.8 20:06 N 25 3.0 5.1 14:02 0.3 01:25 15.3 0.0 0.0 4.1 21.3 23:56 N 26 4.1 5.9 16:38 2.5 01:55 14.2 0.0 0.0 3.8 17.4 00:10 NE 27 3.2 5.2 16:15 1.4 23:51 15.1 0.0 0.0 3.4 18.3 10:50 NNE 28 4.0 7.5 14:56 -0.3 07:12 14.3 0.0 0.0 2.9 17.4 13:46 NE ---------------------------------------------------------------------------------- 3.8 11.8 4 -2.4 3 405.8 0.0 36.9 2.9 31.1 6 N Max >= 27.0: 0 Max <= 0.0: 0 Min <= 0.0: 10 Min <= -18.0: 0 Max Rain: 11.7 on day 10 Days of Rain: 9 (>= 0.2 mm) 6 (>= 2.0 mm) 0 (>= 20.0 mm) Heat Base: 18.3 Cool Base: 18.3 Method: Integration