NOAA-Style Climate Reports
Select a Year or Month report
2024: Jan Feb Mar Apr May Jun Jul Aug Sep Oct Nov Dec
2023: Jan Feb Mar Apr May Jun Jul Aug Sep Oct Nov Dec
2022: Jan Feb Mar Apr May Jun Jul Aug Sep Oct Nov Dec
2021: Jan Feb Mar Apr May Jun Jul Aug Sep Oct Nov Dec
2020: Jan Feb Mar Apr May Jun Jul Aug Sep Oct Nov Dec
2019: Jan Feb Mar Apr May Jun Jul Aug Sep Oct Nov Dec
2018: Jan Feb Mar Apr May Jun Jul Aug Sep Oct Nov Dec
2017: Jan Feb Mar Apr May Jun Jul Aug Sep Oct Nov Dec
2016: Jan Feb Mar Apr May Jun Jul Aug Sep Oct Nov Dec
2015: Jan Feb Mar Apr May Jun Jul Aug Sep Oct Nov Dec
2014: Jan Feb Mar Apr May Jun Jul Aug Sep Oct Nov Dec
2013: Jan Feb Mar Apr May Jun Jul Aug Sep Oct Nov Dec
2012: Jan Feb Mar Apr May Jun Jul Aug Sep Oct Nov Dec
2024: Jan Feb Mar Apr May Jun Jul Aug Sep Oct Nov Dec
2023: Jan Feb Mar Apr May Jun Jul Aug Sep Oct Nov Dec
2022: Jan Feb Mar Apr May Jun Jul Aug Sep Oct Nov Dec
2021: Jan Feb Mar Apr May Jun Jul Aug Sep Oct Nov Dec
2020: Jan Feb Mar Apr May Jun Jul Aug Sep Oct Nov Dec
2019: Jan Feb Mar Apr May Jun Jul Aug Sep Oct Nov Dec
2018: Jan Feb Mar Apr May Jun Jul Aug Sep Oct Nov Dec
2017: Jan Feb Mar Apr May Jun Jul Aug Sep Oct Nov Dec
2016: Jan Feb Mar Apr May Jun Jul Aug Sep Oct Nov Dec
2015: Jan Feb Mar Apr May Jun Jul Aug Sep Oct Nov Dec
2014: Jan Feb Mar Apr May Jun Jul Aug Sep Oct Nov Dec
2013: Jan Feb Mar Apr May Jun Jul Aug Sep Oct Nov Dec
2012: Jan Feb Mar Apr May Jun Jul Aug Sep Oct Nov Dec
Report for 2013 June
Monthly Climatological Summary for Jun 2013 Name: Fordingbridge Weather City: Fordingbridge State: Hampshire Elevation: 31 m Lat: N 50° 55' 53" Lon: W 001° 47' 21" Temperature (°C), Rain (mm), Wind Speed (mph) Heat Cool Avg Mean Deg Deg Wind Dom Day Temp High Time Low Time Days Days Rain Speed High Time Dir ---------------------------------------------------------------------------------- 1 15.3 20.1 16:24 10.6 05:35 1.4 1.2 0.0 4.9 22.8 08:55 N 2 14.3 19.9 16:05 6.5 05:06 2.8 1.5 0.0 2.2 14.5 14:35 N 3 13.9 20.4 12:12 6.2 05:21 3.1 1.4 0.0 1.8 14.5 15:43 NE 4 14.5 21.8 16:56 5.6 05:17 2.9 1.9 0.0 3.1 19.7 12:08 NE 5 15.9 22.3 16:54 8.5 05:22 1.9 2.3 0.0 2.8 13.0 11:17 NE 6 16.9 23.6 17:20 9.8 04:07 1.5 2.9 0.0 3.8 18.3 18:38 NE 7 15.6 21.5 16:20 10.7 10:07 1.4 1.5 3.3 4.2 21.3 17:24 NE 8 15.3 20.3 15:45 9.9 06:07 1.8 1.5 0.0 5.7 22.1 11:52 NNE 9 14.3 19.1 16:41 9.4 02:20 2.1 0.8 0.0 4.0 22.1 08:19 NE 10 12.8 17.6 14:32 8.4 03:57 3.0 0.3 0.0 1.2 13.6 17:31 S 11 13.6 17.3 16:57 10.5 00:13 2.0 0.1 2.7 2.7 18.3 09:57 SSW 12 14.3 16.4 15:46 13.0 00:40 1.3 0.0 6.6 5.8 28.2 15:27 SW 13 14.4 17.7 14:48 10.0 23:57 1.5 0.4 0.0 6.8 28.9 02:16 WSW 14 13.7 18.8 16:19 7.7 03:19 2.3 0.5 0.3 3.5 22.1 14:37 SSW 15 14.0 18.0 15:36 9.9 04:43 1.8 0.3 2.4 7.1 30.4 13:12 WSW 16 14.2 17.9 16:47 11.1 01:18 1.6 0.4 0.0 2.0 13.0 13:33 SSW 17 17.0 21.4 13:42 12.1 01:59 0.8 2.3 0.0 3.3 18.3 16:13 NE 18 17.5 21.7 14:48 14.2 03:58 0.2 2.2 0.0 1.5 14.5 15:55 WSW 19 19.9 25.3 17:16 13.2 06:26 0.4 4.8 0.0 1.3 10.7 17:37 NNE 20 18.1 20.4 15:59 14.5 23:41 0.0 2.6 0.0 2.1 15.9 16:48 SSW 21 17.4 23.0 14:58 13.2 23:59 0.6 2.5 0.0 3.1 15.9 22:40 WSW 22 14.5 17.8 09:12 11.5 04:25 1.3 0.3 4.2 7.2 26.6 17:41 SW 23 14.4 16.9 09:14 12.0 23:50 1.2 0.1 0.6 6.3 27.3 17:26 W 24 14.3 18.1 13:22 10.3 03:36 1.7 0.5 0.0 3.4 17.4 13:47 WNW 25 15.1 21.7 12:08 7.3 04:23 2.5 2.0 0.0 1.5 12.1 16:16 SW 26 16.3 23.0 09:49 6.9 05:15 2.2 3.0 0.0 1.7 13.6 14:57 WNW 27 15.9 22.7 15:07 12.2 05:07 1.3 1.7 5.1 2.5 17.4 16:53 NW 28 17.7 23.6 14:40 13.3 04:46 0.5 2.7 0.6 3.2 26.6 21:32 WNW 29 19.1 23.7 15:24 14.2 05:13 0.1 3.7 0.0 2.8 15.9 08:34 NW 30 19.0 25.4 16:14 12.6 04:25 0.4 3.9 0.0 2.5 15.9 14:43 W ---------------------------------------------------------------------------------- 15.6 25.4 30 5.6 4 45.6 49.3 25.8 3.5 30.4 15 WNW Max >= 27.0: 0 Max <= 0.0: 0 Min <= 0.0: 0 Min <= -18.0: 0 Max Rain: 6.6 on day 12 Days of Rain: 10 (>= 0.2 mm) 6 (>= 2.0 mm) 0 (>= 20.0 mm) Heat Base: 15.5 Cool Base: 15.5 Method: Integration