NOAA-Style Climate Reports
Select a Year or Month report
2024: Jan Feb Mar Apr May Jun Jul Aug Sep Oct Nov Dec
2023: Jan Feb Mar Apr May Jun Jul Aug Sep Oct Nov Dec
2022: Jan Feb Mar Apr May Jun Jul Aug Sep Oct Nov Dec
2021: Jan Feb Mar Apr May Jun Jul Aug Sep Oct Nov Dec
2020: Jan Feb Mar Apr May Jun Jul Aug Sep Oct Nov Dec
2019: Jan Feb Mar Apr May Jun Jul Aug Sep Oct Nov Dec
2018: Jan Feb Mar Apr May Jun Jul Aug Sep Oct Nov Dec
2017: Jan Feb Mar Apr May Jun Jul Aug Sep Oct Nov Dec
2016: Jan Feb Mar Apr May Jun Jul Aug Sep Oct Nov Dec
2015: Jan Feb Mar Apr May Jun Jul Aug Sep Oct Nov Dec
2014: Jan Feb Mar Apr May Jun Jul Aug Sep Oct Nov Dec
2013: Jan Feb Mar Apr May Jun Jul Aug Sep Oct Nov Dec
2012: Jan Feb Mar Apr May Jun Jul Aug Sep Oct Nov Dec
2024: Jan Feb Mar Apr May Jun Jul Aug Sep Oct Nov Dec
2023: Jan Feb Mar Apr May Jun Jul Aug Sep Oct Nov Dec
2022: Jan Feb Mar Apr May Jun Jul Aug Sep Oct Nov Dec
2021: Jan Feb Mar Apr May Jun Jul Aug Sep Oct Nov Dec
2020: Jan Feb Mar Apr May Jun Jul Aug Sep Oct Nov Dec
2019: Jan Feb Mar Apr May Jun Jul Aug Sep Oct Nov Dec
2018: Jan Feb Mar Apr May Jun Jul Aug Sep Oct Nov Dec
2017: Jan Feb Mar Apr May Jun Jul Aug Sep Oct Nov Dec
2016: Jan Feb Mar Apr May Jun Jul Aug Sep Oct Nov Dec
2015: Jan Feb Mar Apr May Jun Jul Aug Sep Oct Nov Dec
2014: Jan Feb Mar Apr May Jun Jul Aug Sep Oct Nov Dec
2013: Jan Feb Mar Apr May Jun Jul Aug Sep Oct Nov Dec
2012: Jan Feb Mar Apr May Jun Jul Aug Sep Oct Nov Dec
Report for 2013 July
Monthly Climatological Summary for Jul 2013 Name: Fordingbridge Weather City: Fordingbridge State: Hampshire Elevation: 31 m Lat: N 50° 55' 53" Lon: W 001° 47' 21" Temperature (°C), Rain (mm), Wind Speed (mph) Heat Cool Avg Mean Deg Deg Wind Dom Day Temp High Time Low Time Days Days Rain Speed High Time Dir ---------------------------------------------------------------------------------- 1 17.3 21.9 17:23 12.2 05:33 0.7 2.5 0.0 2.7 15.9 13:16 W 2 13.8 18.0 11:08 10.2 04:20 1.9 0.2 0.6 2.7 18.3 22:52 SSW 3 17.0 26.3 14:29 9.4 05:09 0.5 2.0 0.6 4.0 20.6 09:44 WNW 4 17.9 23.9 15:42 12.4 00:57 0.6 3.0 0.0 3.0 17.4 17:37 WSW 5 18.7 26.3 16:51 9.4 05:17 1.4 4.6 0.0 1.5 15.2 17:29 S 6 19.6 26.3 12:32 10.4 04:55 1.1 5.2 0.0 1.2 11.4 12:34 SSW 7 21.9 29.6 16:47 13.1 04:51 0.4 6.8 0.0 2.4 13.6 13:14 NE 8 21.9 28.2 14:53 13.4 05:48 0.2 6.6 0.0 3.7 26.6 13:46 NE 9 21.4 27.6 18:49 14.4 05:50 0.1 6.0 0.0 3.6 15.2 12:09 NNE 10 20.1 26.7 14:32 12.1 05:08 0.5 5.1 0.0 4.0 20.6 14:51 NE 11 16.9 24.3 17:24 9.8 04:42 1.4 2.8 0.0 3.3 13.6 06:12 NE 12 17.6 26.5 16:26 9.4 04:43 1.6 3.7 0.0 1.5 10.7 08:24 E 13 22.5 32.4 18:14 11.4 05:08 0.9 7.9 0.0 1.8 13.6 15:52 NNE 14 24.1 31.9 16:32 14.9 05:18 0.0 8.6 0.0 1.9 14.5 17:06 NW 15 23.8 30.9 11:55 15.6 05:57 0.0 8.3 0.0 1.7 14.5 16:06 W 16 23.2 31.4 12:29 14.5 05:28 0.1 7.8 0.0 1.7 16.8 15:50 S 17 23.4 31.8 12:25 13.4 05:13 0.2 8.2 0.0 1.5 14.5 17:21 S 18 23.9 31.1 16:10 15.0 05:16 0.0 8.4 0.0 2.4 15.9 17:49 NE 19 23.1 30.0 16:13 14.5 05:59 0.1 7.7 0.0 3.5 19.0 17:34 ENE 20 22.0 27.8 11:44 15.5 05:44 0.0 6.5 0.0 4.5 19.7 11:45 ENE 21 22.8 29.8 17:33 14.9 05:28 0.0 7.3 0.0 3.3 16.8 23:14 ENE 22 22.4 30.0 12:15 17.7 06:08 0.0 6.9 0.0 2.4 15.2 14:51 S 23 20.4 25.6 11:49 15.9 23:56 0.0 4.9 0.0 2.5 17.4 16:27 SSW 24 20.2 25.8 11:58 15.2 01:16 0.0 4.7 0.0 2.8 18.3 14:27 SSW 25 19.6 24.1 11:52 15.3 23:54 0.0 4.1 6.6 2.9 22.1 15:28 SW 26 20.7 26.7 12:25 14.6 23:58 0.0 5.2 0.0 1.8 17.4 14:35 SW 27 17.5 27.6 11:52 11.1 05:48 1.0 3.0 8.7 1.4 14.5 15:28 NW 28 18.4 22.7 12:20 14.4 03:39 0.1 3.0 3.0 4.5 27.3 16:00 SSW 29 19.0 23.0 15:52 16.2 07:08 0.0 3.5 0.3 6.2 23.5 10:27 WSW 30 17.9 22.1 17:26 15.9 02:26 0.0 2.4 4.8 2.7 18.3 11:20 SW 31 18.5 22.2 15:22 16.3 00:27 0.0 3.0 0.6 3.5 19.7 12:36 SW ---------------------------------------------------------------------------------- 20.2 32.4 13 9.4 3 12.8 159.9 25.2 2.8 27.3 28 SW Max >= 27.0: 14 Max <= 0.0: 0 Min <= 0.0: 0 Min <= -18.0: 0 Max Rain: 8.7 on day 27 Days of Rain: 8 (>= 0.2 mm) 4 (>= 2.0 mm) 0 (>= 20.0 mm) Heat Base: 15.5 Cool Base: 15.5 Method: Integration