NOAA-Style Climate Reports
Select a Year or Month report
2024: Jan Feb Mar Apr May Jun Jul Aug Sep Oct Nov Dec
2023: Jan Feb Mar Apr May Jun Jul Aug Sep Oct Nov Dec
2022: Jan Feb Mar Apr May Jun Jul Aug Sep Oct Nov Dec
2021: Jan Feb Mar Apr May Jun Jul Aug Sep Oct Nov Dec
2020: Jan Feb Mar Apr May Jun Jul Aug Sep Oct Nov Dec
2019: Jan Feb Mar Apr May Jun Jul Aug Sep Oct Nov Dec
2018: Jan Feb Mar Apr May Jun Jul Aug Sep Oct Nov Dec
2017: Jan Feb Mar Apr May Jun Jul Aug Sep Oct Nov Dec
2016: Jan Feb Mar Apr May Jun Jul Aug Sep Oct Nov Dec
2015: Jan Feb Mar Apr May Jun Jul Aug Sep Oct Nov Dec
2014: Jan Feb Mar Apr May Jun Jul Aug Sep Oct Nov Dec
2013: Jan Feb Mar Apr May Jun Jul Aug Sep Oct Nov Dec
2012: Jan Feb Mar Apr May Jun Jul Aug Sep Oct Nov Dec
2024: Jan Feb Mar Apr May Jun Jul Aug Sep Oct Nov Dec
2023: Jan Feb Mar Apr May Jun Jul Aug Sep Oct Nov Dec
2022: Jan Feb Mar Apr May Jun Jul Aug Sep Oct Nov Dec
2021: Jan Feb Mar Apr May Jun Jul Aug Sep Oct Nov Dec
2020: Jan Feb Mar Apr May Jun Jul Aug Sep Oct Nov Dec
2019: Jan Feb Mar Apr May Jun Jul Aug Sep Oct Nov Dec
2018: Jan Feb Mar Apr May Jun Jul Aug Sep Oct Nov Dec
2017: Jan Feb Mar Apr May Jun Jul Aug Sep Oct Nov Dec
2016: Jan Feb Mar Apr May Jun Jul Aug Sep Oct Nov Dec
2015: Jan Feb Mar Apr May Jun Jul Aug Sep Oct Nov Dec
2014: Jan Feb Mar Apr May Jun Jul Aug Sep Oct Nov Dec
2013: Jan Feb Mar Apr May Jun Jul Aug Sep Oct Nov Dec
2012: Jan Feb Mar Apr May Jun Jul Aug Sep Oct Nov Dec
Report for 2013 September
Monthly Climatological Summary for Sep 2013 Name: Fordingbridge Weather City: Fordingbridge State: Hampshire Elevation: 31 m Lat: N 50° 55' 53" Lon: W 001° 47' 21" Temperature (°C), Rain (mm), Wind Speed (mph) Heat Cool Avg Mean Deg Deg Wind Dom Day Temp High Time Low Time Days Days Rain Speed High Time Dir ---------------------------------------------------------------------------------- 1 15.2 22.1 15:12 7.0 06:21 2.5 2.1 0.0 2.1 15.2 15:44 WNW 2 17.3 25.6 12:22 10.4 04:36 1.3 3.1 0.0 2.3 16.8 09:34 WNW 3 18.4 26.3 15:52 11.9 07:37 1.0 3.8 0.0 1.2 12.1 16:10 S 4 18.8 27.3 14:30 12.0 07:38 1.2 4.4 0.0 1.3 25.1 20:21 SSW 5 18.5 27.3 14:46 10.7 06:51 1.3 4.3 0.0 1.7 13.0 15:58 NW 6 15.2 20.2 16:26 12.0 23:49 1.1 0.9 3.0 1.9 15.9 16:25 WNW 7 12.3 20.6 11:11 7.0 07:07 3.8 0.6 11.7 0.7 16.8 14:59 SW 8 10.9 16.8 14:49 5.0 06:27 4.7 0.0 1.2 1.2 20.6 15:13 SW 9 14.1 20.5 12:08 8.8 00:00 2.3 0.9 0.6 1.5 17.4 16:27 NNW 10 14.5 20.0 12:13 9.7 04:22 2.0 0.9 0.0 3.5 19.0 16:23 NW 11 13.9 18.3 14:09 10.7 06:32 1.9 0.3 3.3 2.0 13.6 04:09 NW 12 17.2 22.5 15:22 13.1 03:36 0.8 2.4 0.9 1.0 9.8 14:40 W 13 17.7 21.5 14:37 12.4 23:57 0.1 2.4 9.0 2.6 16.8 21:30 WSW 14 12.8 16.4 15:09 9.6 23:57 2.7 0.0 0.0 2.9 15.9 00:17 N 15 11.5 16.4 19:14 5.2 06:31 4.1 0.0 4.2 3.6 31.1 16:13 WSW 16 11.4 16.0 13:45 8.7 23:12 4.1 0.0 1.2 4.4 26.6 13:16 W 17 13.1 17.3 16:50 8.4 04:07 2.8 0.3 5.4 3.8 25.9 18:17 W 18 13.9 17.5 16:44 8.9 23:31 1.9 0.3 1.5 3.4 19.0 16:44 NW 19 13.4 19.5 17:47 9.3 01:07 2.4 0.4 1.5 3.0 21.3 11:55 WSW 20 12.9 19.7 10:55 7.4 07:09 3.4 0.8 0.3 0.9 10.7 14:53 WNW 21 14.8 19.8 16:55 8.2 01:16 2.3 1.6 0.0 1.3 13.6 11:32 SW 22 18.5 21.7 13:27 15.5 05:27 0.0 3.0 0.0 0.4 6.9 13:36 SSW 23 17.0 21.8 16:35 11.2 23:41 0.4 1.9 0.0 1.1 9.8 13:11 SE 24 14.9 21.3 16:07 9.2 03:31 1.9 1.3 0.0 0.5 6.9 12:22 N 25 16.6 22.8 14:19 12.2 05:57 1.0 2.1 0.6 0.6 10.7 14:35 SSE 26 15.8 17.4 13:38 13.1 21:54 0.3 0.6 0.6 1.3 10.7 06:55 ENE 27 15.1 20.3 15:42 11.9 03:55 1.4 1.0 0.0 2.5 15.2 22:28 ENE 28 15.6 20.9 16:39 12.2 01:34 1.1 1.2 1.8 2.7 22.8 15:27 NE 29 15.5 19.3 14:26 12.5 07:12 0.9 0.9 0.0 2.2 13.0 13:46 NE 30 15.5 18.5 15:05 14.3 01:12 0.4 0.4 0.3 1.2 11.4 15:09 ENE ---------------------------------------------------------------------------------- 15.1 27.3 4 5.0 8 55.1 41.9 47.1 2.0 31.1 15 WNW Max >= 27.0: 2 Max <= 0.0: 0 Min <= 0.0: 0 Min <= -18.0: 0 Max Rain: 11.7 on day 7 Days of Rain: 17 (>= 0.2 mm) 6 (>= 2.0 mm) 0 (>= 20.0 mm) Heat Base: 15.5 Cool Base: 15.5 Method: Integration