NOAA-Style Climate Reports
Select a Year or Month report
2024: Jan Feb Mar Apr May Jun Jul Aug Sep Oct Nov Dec
2023: Jan Feb Mar Apr May Jun Jul Aug Sep Oct Nov Dec
2022: Jan Feb Mar Apr May Jun Jul Aug Sep Oct Nov Dec
2021: Jan Feb Mar Apr May Jun Jul Aug Sep Oct Nov Dec
2020: Jan Feb Mar Apr May Jun Jul Aug Sep Oct Nov Dec
2019: Jan Feb Mar Apr May Jun Jul Aug Sep Oct Nov Dec
2018: Jan Feb Mar Apr May Jun Jul Aug Sep Oct Nov Dec
2017: Jan Feb Mar Apr May Jun Jul Aug Sep Oct Nov Dec
2016: Jan Feb Mar Apr May Jun Jul Aug Sep Oct Nov Dec
2015: Jan Feb Mar Apr May Jun Jul Aug Sep Oct Nov Dec
2014: Jan Feb Mar Apr May Jun Jul Aug Sep Oct Nov Dec
2013: Jan Feb Mar Apr May Jun Jul Aug Sep Oct Nov Dec
2012: Jan Feb Mar Apr May Jun Jul Aug Sep Oct Nov Dec
2024: Jan Feb Mar Apr May Jun Jul Aug Sep Oct Nov Dec
2023: Jan Feb Mar Apr May Jun Jul Aug Sep Oct Nov Dec
2022: Jan Feb Mar Apr May Jun Jul Aug Sep Oct Nov Dec
2021: Jan Feb Mar Apr May Jun Jul Aug Sep Oct Nov Dec
2020: Jan Feb Mar Apr May Jun Jul Aug Sep Oct Nov Dec
2019: Jan Feb Mar Apr May Jun Jul Aug Sep Oct Nov Dec
2018: Jan Feb Mar Apr May Jun Jul Aug Sep Oct Nov Dec
2017: Jan Feb Mar Apr May Jun Jul Aug Sep Oct Nov Dec
2016: Jan Feb Mar Apr May Jun Jul Aug Sep Oct Nov Dec
2015: Jan Feb Mar Apr May Jun Jul Aug Sep Oct Nov Dec
2014: Jan Feb Mar Apr May Jun Jul Aug Sep Oct Nov Dec
2013: Jan Feb Mar Apr May Jun Jul Aug Sep Oct Nov Dec
2012: Jan Feb Mar Apr May Jun Jul Aug Sep Oct Nov Dec
Report for 2013 November
Monthly Climatological Summary for Nov 2013 Name: Fordingbridge Weather City: Fordingbridge State: Hampshire Elevation: 31 m Lat: N 50° 55' 53" Lon: W 001° 47' 21" Temperature (°C), Rain (mm), Wind Speed (mph) Heat Cool Avg Mean Deg Deg Wind Dom Day Temp High Time Low Time Days Days Rain Speed High Time Dir ---------------------------------------------------------------------------------- 1 13.1 15.1 11:11 10.9 23:26 2.4 0.0 3.3 3.9 18.3 11:18 SW 2 11.6 14.9 13:24 9.4 23:54 3.9 0.0 0.3 5.4 32.0 14:15 WSW 3 9.8 13.0 22:46 7.1 05:28 5.7 0.0 10.5 4.4 27.3 23:24 WSW 4 7.9 13.2 00:47 2.7 21:44 7.6 0.0 2.7 3.8 28.2 03:51 NW 5 9.3 12.6 11:20 3.9 00:18 6.1 0.0 3.3 3.3 26.6 11:21 W 6 13.2 16.6 12:08 9.1 01:29 2.3 0.0 3.0 5.6 33.6 18:43 WSW 7 10.3 14.7 00:00 5.1 23:38 5.2 0.0 0.3 1.3 15.2 00:14 W 8 6.1 10.2 13:51 3.1 05:37 9.4 0.0 2.7 0.6 9.2 14:50 W 9 4.9 8.9 14:08 0.6 04:46 10.6 0.0 6.6 0.3 12.1 14:08 NW 10 5.8 10.2 13:48 2.2 19:34 9.7 0.0 0.3 1.3 14.5 11:58 NW 11 11.6 14.4 15:48 2.2 00:00 3.9 0.0 5.4 2.5 21.3 08:34 S 12 10.4 13.5 13:13 5.4 20:09 5.2 0.0 0.6 1.4 13.0 05:53 NNW 13 6.0 10.3 23:23 5.4 00:00 9.5 0.0 0.0 0.3 13.6 23:35 SW 14 8.4 10.5 00:55 8.1 04:11 7.1 0.0 0.9 6.4 19.0 02:34 W 15 N/A N/A N/A N/A N/A N/A N/A 0.0 N/A N/A N/A N/A 16 N/A N/A N/A N/A N/A N/A N/A 0.0 N/A N/A N/A N/A 17 N/A N/A N/A N/A N/A N/A N/A 0.0 N/A N/A N/A N/A 18 N/A N/A N/A N/A N/A N/A N/A 0.0 N/A N/A N/A N/A 19 N/A N/A N/A N/A N/A N/A N/A 0.0 N/A N/A N/A N/A 20 N/A N/A N/A N/A N/A N/A N/A 0.0 N/A N/A N/A N/A 21 N/A N/A N/A N/A N/A N/A N/A 0.0 N/A N/A N/A N/A 22 N/A N/A N/A N/A N/A N/A N/A 0.0 N/A N/A N/A N/A 23 6.2 8.3 00:00 2.4 23:23 9.5 0.0 0.0 4.5 13.6 12:23 NW 24 5.7 9.1 11:54 2.0 03:34 9.8 0.0 0.0 2.5 13.6 12:36 N 25 5.4 7.5 12:42 3.0 23:56 10.1 0.0 0.0 1.8 12.1 11:20 N 26 2.9 7.3 13:18 -1.4 06:54 12.6 0.0 0.0 0.6 9.2 13:06 N 27 7.9 10.4 14:16 4.4 00:00 7.6 0.0 0.0 0.6 8.3 14:37 N 28 8.9 11.1 13:58 7.5 07:45 6.6 0.0 0.0 0.5 6.0 10:26 N 29 8.6 11.3 12:23 5.9 23:36 6.9 0.0 0.0 3.0 21.3 12:05 WNW 30 4.9 9.0 12:38 -0.7 23:59 10.6 0.0 0.0 2.0 13.6 01:14 N ---------------------------------------------------------------------------------- 8.2 16.6 6 -1.4 26 219.9 0.0 39.9 3.8 33.6 6 W Max >= 27.0: 0 Max <= 0.0: 0 Min <= 0.0: 2 Min <= -18.0: 0 Max Rain: 10.5 on day 3 Days of Rain: 13 (>= 0.2 mm) 8 (>= 2.0 mm) 0 (>= 20.0 mm) Heat Base: 15.5 Cool Base: 15.5 Method: Integration Note: "N/A" replaces invalid data due to a sensor failure. Temperature and Wind totals in this report are not accurate. Rainfall data is not affected.