NOAA-Style Climate Reports
Select a Year or Month report
2024: Jan Feb Mar Apr May Jun Jul Aug Sep Oct Nov Dec
2023: Jan Feb Mar Apr May Jun Jul Aug Sep Oct Nov Dec
2022: Jan Feb Mar Apr May Jun Jul Aug Sep Oct Nov Dec
2021: Jan Feb Mar Apr May Jun Jul Aug Sep Oct Nov Dec
2020: Jan Feb Mar Apr May Jun Jul Aug Sep Oct Nov Dec
2019: Jan Feb Mar Apr May Jun Jul Aug Sep Oct Nov Dec
2018: Jan Feb Mar Apr May Jun Jul Aug Sep Oct Nov Dec
2017: Jan Feb Mar Apr May Jun Jul Aug Sep Oct Nov Dec
2016: Jan Feb Mar Apr May Jun Jul Aug Sep Oct Nov Dec
2015: Jan Feb Mar Apr May Jun Jul Aug Sep Oct Nov Dec
2014: Jan Feb Mar Apr May Jun Jul Aug Sep Oct Nov Dec
2013: Jan Feb Mar Apr May Jun Jul Aug Sep Oct Nov Dec
2012: Jan Feb Mar Apr May Jun Jul Aug Sep Oct Nov Dec
2024: Jan Feb Mar Apr May Jun Jul Aug Sep Oct Nov Dec
2023: Jan Feb Mar Apr May Jun Jul Aug Sep Oct Nov Dec
2022: Jan Feb Mar Apr May Jun Jul Aug Sep Oct Nov Dec
2021: Jan Feb Mar Apr May Jun Jul Aug Sep Oct Nov Dec
2020: Jan Feb Mar Apr May Jun Jul Aug Sep Oct Nov Dec
2019: Jan Feb Mar Apr May Jun Jul Aug Sep Oct Nov Dec
2018: Jan Feb Mar Apr May Jun Jul Aug Sep Oct Nov Dec
2017: Jan Feb Mar Apr May Jun Jul Aug Sep Oct Nov Dec
2016: Jan Feb Mar Apr May Jun Jul Aug Sep Oct Nov Dec
2015: Jan Feb Mar Apr May Jun Jul Aug Sep Oct Nov Dec
2014: Jan Feb Mar Apr May Jun Jul Aug Sep Oct Nov Dec
2013: Jan Feb Mar Apr May Jun Jul Aug Sep Oct Nov Dec
2012: Jan Feb Mar Apr May Jun Jul Aug Sep Oct Nov Dec
Report for 2015 October
Monthly Climatological Summary for Oct 2015 Name: Fordingbridge Weather City: Fordingbridge State: Hampshire Elevation: 31 m Lat: N 50° 55' 53" Lon: W 001° 47' 21" Temperature (°C), Rain (mm), Wind Speed (mph) Heat Cool Avg Mean Deg Deg Wind Dom Day Temp High Time Low Time Days Days Rain Speed High Time Dir ---------------------------------------------------------------------------------- 1 13.4 18.9 15:53 9.4 04:44 2.8 0.7 0.0 7.4 21.7 15:30 NNE 2 12.6 19.2 15:59 7.7 06:13 3.7 0.8 0.0 4.2 13.8 10:32 NNE 3 9.6 15.7 14:07 4.9 06:29 5.9 0.0 0.0 2.6 13.0 14:31 NNW 4 11.3 17.6 12:53 3.9 06:23 4.6 0.3 0.0 5.7 20.9 12:41 SE 5 16.1 17.1 11:48 13.9 02:36 0.2 0.8 23.4 12.9 27.8 07:01 S 6 16.0 18.3 13:44 14.2 21:54 0.2 0.8 6.3 7.4 25.2 13:07 S 7 12.9 16.2 13:58 6.7 23:54 2.6 0.0 0.3 10.1 25.2 05:13 WNW 8 10.6 17.4 15:37 4.2 03:28 5.1 0.2 0.0 1.1 9.4 15:36 SW 9 11.2 17.8 14:39 6.2 06:31 4.6 0.3 0.0 1.2 10.5 12:50 E 10 11.5 15.7 14:09 6.6 00:16 4.0 0.0 0.0 4.9 15.6 12:32 NNE 11 12.8 15.9 15:04 10.0 23:49 2.8 0.0 0.0 6.0 14.8 10:02 NNE 12 10.4 14.9 15:46 5.9 06:10 5.1 0.0 0.0 6.4 19.1 15:11 N 13 9.3 13.8 15:07 5.7 02:35 6.2 0.0 0.0 6.3 21.7 11:36 N 14 8.4 14.3 14:31 2.8 07:20 7.1 0.0 0.0 5.5 21.7 11:54 N 15 10.0 14.4 14:02 6.1 08:09 5.5 0.0 0.0 5.4 15.6 11:23 N 16 11.3 14.5 13:49 9.1 03:45 4.2 0.0 0.0 7.6 20.9 15:09 N 17 10.9 13.4 13:34 7.3 23:41 4.6 0.0 0.0 5.3 17.3 15:25 N 18 12.0 15.5 14:09 7.4 00:00 3.5 0.0 0.0 4.2 15.6 10:53 NNE 19 12.0 14.1 12:14 10.0 23:36 3.5 0.0 0.0 4.7 12.2 13:05 N 20 11.1 15.8 15:07 7.7 07:54 4.4 0.0 0.0 2.6 11.2 10:43 NNW 21 12.0 15.5 16:09 7.8 00:00 3.5 0.0 12.9 5.6 17.3 15:57 WSW 22 13.2 14.8 11:29 11.2 23:52 2.3 0.0 0.0 6.0 19.9 12:06 WNW 23 11.7 14.2 13:42 10.0 06:40 3.8 0.0 0.0 1.8 11.2 16:13 SSW 24 11.8 14.8 15:25 5.4 23:41 3.7 0.0 0.6 5.3 22.4 16:34 SW 25 6.6 13.2 13:06 1.6 05:53 9.3 0.0 0.3 1.6 8.7 13:21 S 26 12.1 15.2 10:54 7.1 05:34 3.4 0.0 0.0 7.2 18.1 10:20 SE 27 13.8 16.6 10:06 11.1 22:50 1.8 0.1 3.0 5.1 18.1 10:11 SSE 28 12.2 15.5 13:11 9.5 06:14 3.3 0.0 0.6 3.7 17.3 13:10 S 29 13.3 15.1 13:41 10.5 22:46 2.2 0.0 7.8 8.1 25.2 11:39 S 30 14.4 16.0 14:36 11.1 00:00 1.1 0.0 21.0 9.3 32.1 03:43 S 31 13.1 16.9 13:52 10.0 06:41 2.5 0.2 0.0 3.1 13.0 09:40 ESE ---------------------------------------------------------------------------------- 11.9 19.2 2 1.6 25 117.5 4.2 76.2 5.4 32.1 30 NNE Max >= 27.0: 0 Max <= 0.0: 0 Min <= 0.0: 0 Min <= -18.0: 0 Max Rain: 23.4 on day 5 Days of Rain: 10 (>= 0.2 mm) 6 (>= 2.0 mm) 2 (>= 20.0 mm) Heat Base: 15.5 Cool Base: 15.5 Method: Integration