NOAA-Style Climate Reports
Select a Year or Month report
2024: Jan Feb Mar Apr May Jun Jul Aug Sep Oct Nov Dec
2023: Jan Feb Mar Apr May Jun Jul Aug Sep Oct Nov Dec
2022: Jan Feb Mar Apr May Jun Jul Aug Sep Oct Nov Dec
2021: Jan Feb Mar Apr May Jun Jul Aug Sep Oct Nov Dec
2020: Jan Feb Mar Apr May Jun Jul Aug Sep Oct Nov Dec
2019: Jan Feb Mar Apr May Jun Jul Aug Sep Oct Nov Dec
2018: Jan Feb Mar Apr May Jun Jul Aug Sep Oct Nov Dec
2017: Jan Feb Mar Apr May Jun Jul Aug Sep Oct Nov Dec
2016: Jan Feb Mar Apr May Jun Jul Aug Sep Oct Nov Dec
2015: Jan Feb Mar Apr May Jun Jul Aug Sep Oct Nov Dec
2014: Jan Feb Mar Apr May Jun Jul Aug Sep Oct Nov Dec
2013: Jan Feb Mar Apr May Jun Jul Aug Sep Oct Nov Dec
2012: Jan Feb Mar Apr May Jun Jul Aug Sep Oct Nov Dec
2024: Jan Feb Mar Apr May Jun Jul Aug Sep Oct Nov Dec
2023: Jan Feb Mar Apr May Jun Jul Aug Sep Oct Nov Dec
2022: Jan Feb Mar Apr May Jun Jul Aug Sep Oct Nov Dec
2021: Jan Feb Mar Apr May Jun Jul Aug Sep Oct Nov Dec
2020: Jan Feb Mar Apr May Jun Jul Aug Sep Oct Nov Dec
2019: Jan Feb Mar Apr May Jun Jul Aug Sep Oct Nov Dec
2018: Jan Feb Mar Apr May Jun Jul Aug Sep Oct Nov Dec
2017: Jan Feb Mar Apr May Jun Jul Aug Sep Oct Nov Dec
2016: Jan Feb Mar Apr May Jun Jul Aug Sep Oct Nov Dec
2015: Jan Feb Mar Apr May Jun Jul Aug Sep Oct Nov Dec
2014: Jan Feb Mar Apr May Jun Jul Aug Sep Oct Nov Dec
2013: Jan Feb Mar Apr May Jun Jul Aug Sep Oct Nov Dec
2012: Jan Feb Mar Apr May Jun Jul Aug Sep Oct Nov Dec
Report for 2015 November
Monthly Climatological Summary for Nov 2015 Name: Fordingbridge Weather City: Fordingbridge State: Hampshire Elevation: 31 m Lat: N 50° 55' 53" Lon: W 001° 47' 21" Temperature (°C), Rain (mm), Wind Speed (mph) Heat Cool Avg Mean Deg Deg Wind Dom Day Temp High Time Low Time Days Days Rain Speed High Time Dir ---------------------------------------------------------------------------------- 1 12.5 15.5 12:45 10.8 05:41 3.0 0.0 0.0 2.3 7.9 14:23 NE 2 11.8 13.6 13:03 10.6 09:09 3.7 0.0 0.3 2.9 11.2 20:00 ENE 3 12.6 14.4 11:30 11.2 00:00 2.9 0.0 0.3 3.6 14.8 12:40 E 4 12.7 14.9 13:34 10.6 05:07 2.8 0.0 3.6 2.4 10.5 13:44 SSW 5 14.4 15.2 18:09 13.7 00:29 1.1 0.0 16.5 10.2 24.2 16:24 SSW 6 14.9 16.4 11:31 13.2 05:14 0.8 0.2 6.9 9.7 29.6 17:08 SW 7 14.4 16.5 15:07 8.4 23:54 1.4 0.3 11.1 11.5 38.3 10:51 SW 8 12.8 16.0 17:44 6.8 02:56 2.7 0.0 0.6 9.1 32.9 13:02 SSW 9 12.8 15.2 12:29 8.5 04:11 2.7 0.0 0.0 13.5 36.5 15:56 WSW 10 14.4 14.8 02:27 13.7 21:23 1.1 0.0 0.3 12.7 26.8 08:29 WSW 11 13.9 14.9 11:47 13.2 17:15 1.6 0.0 0.9 8.5 22.4 07:24 SW 12 12.7 15.7 13:30 8.0 07:47 2.8 0.0 2.7 8.5 27.8 21:00 SW 13 10.0 12.5 00:00 8.2 20:32 5.5 0.0 0.3 12.5 33.9 14:20 WSW 14 11.3 14.5 23:43 7.9 02:20 4.2 0.0 11.7 12.3 33.9 14:02 WSW 15 14.2 15.7 12:35 12.8 19:11 1.3 0.0 0.6 16.3 33.9 08:08 WSW 16 13.0 14.2 05:17 11.6 17:32 2.5 0.0 8.1 10.9 37.2 00:37 SW 17 14.0 15.8 14:12 12.4 07:33 1.5 0.0 4.8 16.4 41.6 13:56 WSW 18 13.0 15.1 11:37 10.4 04:40 2.5 0.0 0.6 15.6 42.6 12:30 WSW 19 11.5 12.9 01:09 10.2 19:41 4.0 0.0 4.2 7.6 26.8 01:21 WSW 20 7.7 10.3 00:16 3.1 23:57 5.6 0.0 1.5 7.3 33.9 23:25 W 21 3.6 6.4 11:54 -0.7 23:59 11.9 0.0 0.0 13.5 35.4 09:54 NW 22 2.6 7.5 13:59 -1.6 05:26 12.9 0.0 0.0 2.9 14.8 14:49 N 23 3.3 7.5 23:07 -1.5 06:37 12.2 0.0 0.3 2.1 8.7 13:22 SSW 24 9.2 11.0 06:03 7.1 00:00 6.3 0.0 6.9 8.1 20.9 04:35 W 25 9.6 12.9 13:29 7.8 23:54 5.8 0.0 1.5 7.6 20.9 07:08 WNW 26 10.4 12.4 12:52 7.8 00:00 5.1 0.0 0.3 4.2 13.0 01:59 WNW 27 10.6 12.4 12:39 5.4 23:59 4.8 0.0 3.3 10.4 32.9 18:00 WSW 28 7.8 12.7 11:06 2.2 07:53 7.5 0.0 0.3 12.5 31.1 16:11 WSW 29 11.7 13.2 15:45 10.2 00:00 3.8 0.0 0.3 16.5 36.5 19:29 WSW 30 12.1 13.1 11:52 10.1 01:49 3.4 0.0 3.9 14.7 37.2 13:23 WSW ---------------------------------------------------------------------------------- 11.2 16.5 7 -1.6 22 127.4 0.5 91.8 9.6 42.6 18 WSW Max >= 27.0: 0 Max <= 0.0: 0 Min <= 0.0: 3 Min <= -18.0: 0 Max Rain: 16.5 on day 5 Days of Rain: 26 (>= 0.2 mm) 12 (>= 2.0 mm) 0 (>= 20.0 mm) Heat Base: 15.5 Cool Base: 15.5 Method: Integration