NOAA-Style Climate Reports
Select a Year or Month report
2024: Jan Feb Mar Apr May Jun Jul Aug Sep Oct Nov Dec
2023: Jan Feb Mar Apr May Jun Jul Aug Sep Oct Nov Dec
2022: Jan Feb Mar Apr May Jun Jul Aug Sep Oct Nov Dec
2021: Jan Feb Mar Apr May Jun Jul Aug Sep Oct Nov Dec
2020: Jan Feb Mar Apr May Jun Jul Aug Sep Oct Nov Dec
2019: Jan Feb Mar Apr May Jun Jul Aug Sep Oct Nov Dec
2018: Jan Feb Mar Apr May Jun Jul Aug Sep Oct Nov Dec
2017: Jan Feb Mar Apr May Jun Jul Aug Sep Oct Nov Dec
2016: Jan Feb Mar Apr May Jun Jul Aug Sep Oct Nov Dec
2015: Jan Feb Mar Apr May Jun Jul Aug Sep Oct Nov Dec
2014: Jan Feb Mar Apr May Jun Jul Aug Sep Oct Nov Dec
2013: Jan Feb Mar Apr May Jun Jul Aug Sep Oct Nov Dec
2012: Jan Feb Mar Apr May Jun Jul Aug Sep Oct Nov Dec
2024: Jan Feb Mar Apr May Jun Jul Aug Sep Oct Nov Dec
2023: Jan Feb Mar Apr May Jun Jul Aug Sep Oct Nov Dec
2022: Jan Feb Mar Apr May Jun Jul Aug Sep Oct Nov Dec
2021: Jan Feb Mar Apr May Jun Jul Aug Sep Oct Nov Dec
2020: Jan Feb Mar Apr May Jun Jul Aug Sep Oct Nov Dec
2019: Jan Feb Mar Apr May Jun Jul Aug Sep Oct Nov Dec
2018: Jan Feb Mar Apr May Jun Jul Aug Sep Oct Nov Dec
2017: Jan Feb Mar Apr May Jun Jul Aug Sep Oct Nov Dec
2016: Jan Feb Mar Apr May Jun Jul Aug Sep Oct Nov Dec
2015: Jan Feb Mar Apr May Jun Jul Aug Sep Oct Nov Dec
2014: Jan Feb Mar Apr May Jun Jul Aug Sep Oct Nov Dec
2013: Jan Feb Mar Apr May Jun Jul Aug Sep Oct Nov Dec
2012: Jan Feb Mar Apr May Jun Jul Aug Sep Oct Nov Dec
Report for 2016 February
Monthly Climatological Summary for Feb 2016 Name: Fordingbridge Weather City: Fordingbridge State: Hampshire Elevation: 31 m Lat: N 50° 55' 53" Lon: W 001° 47' 21" Temperature (°C), Rain (mm), Wind Speed (mph) Heat Cool Avg Mean Deg Deg Wind Dom Day Temp High Time Low Time Days Days Rain Speed High Time Dir ---------------------------------------------------------------------------------- 1 11.8 13.5 14:30 9.6 22:36 3.7 0.0 0.0 16.0 33.9 11:33 WSW 2 8.3 10.6 12:52 5.0 22:56 7.2 0.0 0.0 11.2 32.1 11:40 W 3 5.7 9.2 14:29 2.6 04:20 9.8 0.0 0.0 9.9 33.9 11:09 W 4 10.0 12.7 12:40 4.0 00:00 5.5 0.0 0.3 10.3 28.6 13:13 W 5 10.3 11.1 14:11 9.5 07:42 5.2 0.0 8.7 12.4 34.7 18:29 SW 6 9.9 11.5 12:22 5.7 23:42 5.6 0.0 18.6 20.5 54.6 18:07 SSW 7 7.5 10.7 21:25 4.9 02:35 8.0 0.0 15.3 15.8 40.8 21:23 SW 8 7.9 10.3 13:25 6.0 22:15 7.6 0.0 3.9 22.0 50.2 10:58 WSW 9 5.4 8.6 13:23 3.8 22:05 10.1 0.0 3.6 8.4 40.8 13:48 W 10 5.0 9.4 14:01 0.0 23:50 10.5 0.0 0.9 7.3 32.9 01:37 W 11 2.4 9.3 14:20 -2.8 07:23 13.1 0.0 0.6 1.7 13.0 19:36 SW 12 4.8 7.2 12:36 0.8 01:36 10.7 0.0 2.4 4.9 14.8 13:49 NE 13 4.5 5.5 15:04 3.7 20:37 11.0 0.0 7.8 8.2 23.5 09:05 NNE 14 4.0 7.1 14:29 0.8 23:42 11.5 0.0 0.6 7.7 26.8 15:02 NNE 15 2.4 6.5 15:30 -1.6 23:58 13.1 0.0 0.0 9.2 24.2 11:34 N 16 2.6 7.7 13:59 -3.8 07:02 12.9 0.0 0.0 5.3 21.7 13:54 SSW 17 6.1 6.8 08:21 4.3 23:46 9.4 0.0 16.8 9.4 21.7 04:25 S 18 4.4 8.6 14:47 0.0 23:33 11.1 0.0 0.0 4.9 16.6 14:00 NW 19 5.0 10.5 13:55 -2.4 07:02 10.5 0.0 1.8 8.1 29.6 16:46 SW 20 10.9 12.4 20:53 8.7 04:04 4.6 0.0 0.6 13.8 33.9 23:33 W 21 12.1 14.0 13:07 11.2 03:54 3.4 0.0 0.0 14.5 31.1 13:49 WSW 22 8.8 11.2 00:00 3.5 23:54 6.7 0.0 3.0 7.1 21.7 00:03 WNW 23 5.1 10.5 15:16 0.2 23:57 10.4 0.0 0.0 3.0 14.8 15:21 N 24 2.4 8.0 14:29 -1.4 23:57 13.1 0.0 0.0 5.0 16.6 14:58 NNE 25 1.9 7.3 15:15 -3.6 06:20 13.6 0.0 0.0 2.1 15.6 11:55 NNW 26 5.1 9.0 14:16 1.9 00:02 10.4 0.0 0.0 6.1 23.5 15:58 SE 27 4.9 6.9 14:06 3.2 22:14 10.6 0.0 0.0 10.6 29.6 15:12 NNE 28 4.5 8.6 14:02 1.9 04:10 11.0 0.0 0.0 10.1 26.0 13:16 NNE 29 4.3 9.6 15:14 -1.7 07:03 11.2 0.0 0.3 4.5 16.6 23:59 WSW ---------------------------------------------------------------------------------- 6.1 14.0 21 -3.8 16 271.5 0.0 85.2 9.3 54.6 6 W Max >= 27.0: 0 Max <= 0.0: 0 Min <= 0.0: 9 Min <= -18.0: 0 Max Rain: 18.6 on day 6 Days of Rain: 16 (>= 0.2 mm) 9 (>= 2.0 mm) 0 (>= 20.0 mm) Heat Base: 15.5 Cool Base: 15.5 Method: Integration