NOAA-Style Climate Reports
Select a Year or Month report
2024: Jan Feb Mar Apr May Jun Jul Aug Sep Oct Nov Dec
2023: Jan Feb Mar Apr May Jun Jul Aug Sep Oct Nov Dec
2022: Jan Feb Mar Apr May Jun Jul Aug Sep Oct Nov Dec
2021: Jan Feb Mar Apr May Jun Jul Aug Sep Oct Nov Dec
2020: Jan Feb Mar Apr May Jun Jul Aug Sep Oct Nov Dec
2019: Jan Feb Mar Apr May Jun Jul Aug Sep Oct Nov Dec
2018: Jan Feb Mar Apr May Jun Jul Aug Sep Oct Nov Dec
2017: Jan Feb Mar Apr May Jun Jul Aug Sep Oct Nov Dec
2016: Jan Feb Mar Apr May Jun Jul Aug Sep Oct Nov Dec
2015: Jan Feb Mar Apr May Jun Jul Aug Sep Oct Nov Dec
2014: Jan Feb Mar Apr May Jun Jul Aug Sep Oct Nov Dec
2013: Jan Feb Mar Apr May Jun Jul Aug Sep Oct Nov Dec
2012: Jan Feb Mar Apr May Jun Jul Aug Sep Oct Nov Dec
2024: Jan Feb Mar Apr May Jun Jul Aug Sep Oct Nov Dec
2023: Jan Feb Mar Apr May Jun Jul Aug Sep Oct Nov Dec
2022: Jan Feb Mar Apr May Jun Jul Aug Sep Oct Nov Dec
2021: Jan Feb Mar Apr May Jun Jul Aug Sep Oct Nov Dec
2020: Jan Feb Mar Apr May Jun Jul Aug Sep Oct Nov Dec
2019: Jan Feb Mar Apr May Jun Jul Aug Sep Oct Nov Dec
2018: Jan Feb Mar Apr May Jun Jul Aug Sep Oct Nov Dec
2017: Jan Feb Mar Apr May Jun Jul Aug Sep Oct Nov Dec
2016: Jan Feb Mar Apr May Jun Jul Aug Sep Oct Nov Dec
2015: Jan Feb Mar Apr May Jun Jul Aug Sep Oct Nov Dec
2014: Jan Feb Mar Apr May Jun Jul Aug Sep Oct Nov Dec
2013: Jan Feb Mar Apr May Jun Jul Aug Sep Oct Nov Dec
2012: Jan Feb Mar Apr May Jun Jul Aug Sep Oct Nov Dec
Report for 2016 November
Monthly Climatological Summary for Nov 2016 Name: Fordingbridge Weather City: Fordingbridge State: Hampshire Elevation: 31 m Lat: N 50° 55' 53" Lon: W 001° 47' 21" Temperature (°C), Rain (mm), Wind Speed (mph) Heat Cool Avg Mean Deg Deg Wind Dom Day Temp High Time Low Time Days Days Rain Speed High Time Dir ---------------------------------------------------------------------------------- 1 9.1 11.6 15:37 5.7 06:39 6.4 0.0 0.0 4.7 15.6 11:19 NNE 2 6.6 11.3 13:52 0.7 23:58 8.9 0.0 0.0 3.2 16.6 10:25 N 3 5.6 11.7 14:46 0.0 02:37 9.9 0.0 0.3 1.2 9.4 14:42 SW 4 7.2 10.0 12:49 1.7 23:56 8.3 0.0 5.4 1.3 6.9 15:44 NW 5 4.3 9.3 13:02 -0.1 07:10 11.2 0.0 0.3 5.9 20.9 13:18 NNW 6 3.9 7.8 12:06 -1.3 06:46 11.6 0.0 0.6 6.9 25.2 16:57 NNW 7 4.9 8.3 14:11 0.0 23:51 10.6 0.0 0.0 10.0 26.8 13:21 N 8 2.8 7.9 23:56 -2.9 05:45 12.8 0.0 5.1 1.4 8.7 23:36 SSE 9 8.3 10.9 12:33 4.4 22:59 7.2 0.0 3.9 10.6 29.6 11:53 WNW 10 7.6 12.2 13:15 4.2 04:00 7.9 0.0 0.3 6.6 25.2 13:18 WNW 11 5.3 10.8 14:11 0.2 07:35 10.2 0.0 0.0 2.3 18.1 23:44 SW 12 11.0 12.5 13:19 9.1 23:57 4.5 0.0 8.1 7.9 21.7 01:57 S 13 8.0 11.7 14:00 5.2 03:39 7.5 0.0 0.3 3.1 16.6 12:07 NNW 14 10.2 13.2 13:15 6.5 00:00 5.3 0.0 0.9 2.7 13.8 12:28 SW 15 13.8 16.6 12:59 10.9 06:03 1.8 0.1 0.6 4.9 17.3 21:39 WSW 16 12.3 14.0 12:46 9.5 23:47 3.2 0.0 3.0 8.2 18.1 02:31 WSW 17 8.6 12.7 12:18 4.3 07:07 6.9 0.0 5.4 9.1 30.3 13:32 WSW 18 4.3 7.3 14:25 1.1 23:44 11.2 0.0 0.3 5.0 24.2 11:59 WSW 19 4.2 8.1 22:09 -0.5 07:46 11.3 0.0 19.8 5.0 32.1 23:41 SSE 20 6.9 10.6 02:01 4.7 08:22 8.6 0.0 15.0 10.8 37.2 01:16 NW 21 9.1 12.1 11:20 5.0 00:00 6.4 0.0 21.3 9.8 29.6 16:02 SSE 22 8.3 10.9 13:39 3.6 21:22 7.2 0.0 3.6 6.8 24.2 12:04 SSW 23 6.9 9.4 23:48 3.4 07:41 8.6 0.0 0.3 6.6 23.5 23:23 NNE 24 9.7 11.4 11:33 7.3 23:24 5.8 0.0 0.3 16.2 30.3 15:24 NNE 25 7.3 10.5 13:59 5.0 23:00 8.2 0.0 0.0 13.0 29.6 11:02 NNE 26 5.6 7.2 17:07 2.9 04:12 9.9 0.0 0.0 6.1 15.6 09:17 NNE 27 7.2 9.4 13:05 5.2 04:10 8.3 0.0 0.0 7.7 23.5 12:28 NNE 28 5.9 9.3 12:36 0.8 23:56 9.6 0.0 0.0 7.7 20.9 12:57 NNE 29 0.9 5.8 14:14 -2.7 23:26 14.6 0.0 0.0 4.7 11.2 21:38 NNE 30 -1.1 5.7 14:12 -4.3 07:40 16.7 0.0 0.0 2.2 8.7 02:29 N ---------------------------------------------------------------------------------- 6.8 16.6 15 -4.3 30 260.6 0.1 94.8 6.4 37.2 20 NNW Max >= 27.0: 0 Max <= 0.0: 0 Min <= 0.0: 8 Min <= -18.0: 0 Max Rain: 21.3 on day 21 Days of Rain: 20 (>= 0.2 mm) 10 (>= 2.0 mm) 1 (>= 20.0 mm) Heat Base: 15.5 Cool Base: 15.5 Method: Integration