NOAA-Style Climate Reports
Select a Year or Month report
2024: Jan Feb Mar Apr May Jun Jul Aug Sep Oct Nov Dec
2023: Jan Feb Mar Apr May Jun Jul Aug Sep Oct Nov Dec
2022: Jan Feb Mar Apr May Jun Jul Aug Sep Oct Nov Dec
2021: Jan Feb Mar Apr May Jun Jul Aug Sep Oct Nov Dec
2020: Jan Feb Mar Apr May Jun Jul Aug Sep Oct Nov Dec
2019: Jan Feb Mar Apr May Jun Jul Aug Sep Oct Nov Dec
2018: Jan Feb Mar Apr May Jun Jul Aug Sep Oct Nov Dec
2017: Jan Feb Mar Apr May Jun Jul Aug Sep Oct Nov Dec
2016: Jan Feb Mar Apr May Jun Jul Aug Sep Oct Nov Dec
2015: Jan Feb Mar Apr May Jun Jul Aug Sep Oct Nov Dec
2014: Jan Feb Mar Apr May Jun Jul Aug Sep Oct Nov Dec
2013: Jan Feb Mar Apr May Jun Jul Aug Sep Oct Nov Dec
2012: Jan Feb Mar Apr May Jun Jul Aug Sep Oct Nov Dec
2024: Jan Feb Mar Apr May Jun Jul Aug Sep Oct Nov Dec
2023: Jan Feb Mar Apr May Jun Jul Aug Sep Oct Nov Dec
2022: Jan Feb Mar Apr May Jun Jul Aug Sep Oct Nov Dec
2021: Jan Feb Mar Apr May Jun Jul Aug Sep Oct Nov Dec
2020: Jan Feb Mar Apr May Jun Jul Aug Sep Oct Nov Dec
2019: Jan Feb Mar Apr May Jun Jul Aug Sep Oct Nov Dec
2018: Jan Feb Mar Apr May Jun Jul Aug Sep Oct Nov Dec
2017: Jan Feb Mar Apr May Jun Jul Aug Sep Oct Nov Dec
2016: Jan Feb Mar Apr May Jun Jul Aug Sep Oct Nov Dec
2015: Jan Feb Mar Apr May Jun Jul Aug Sep Oct Nov Dec
2014: Jan Feb Mar Apr May Jun Jul Aug Sep Oct Nov Dec
2013: Jan Feb Mar Apr May Jun Jul Aug Sep Oct Nov Dec
2012: Jan Feb Mar Apr May Jun Jul Aug Sep Oct Nov Dec
Report for 2016 December
Monthly Climatological Summary for Dec 2016 Name: Fordingbridge Weather City: Fordingbridge State: Hampshire Elevation: 31 m Lat: N 50° 55' 53" Lon: W 001° 47' 21" Temperature (°C), Rain (mm), Wind Speed (mph) Heat Cool Avg Mean Deg Deg Wind Dom Day Temp High Time Low Time Days Days Rain Speed High Time Dir ---------------------------------------------------------------------------------- 1 -1.1 5.6 14:39 -5.1 08:08 17.3 0.0 0.3 0.9 6.9 08:57 N 2 3.2 5.8 15:06 -1.9 00:03 12.3 0.0 0.0 2.4 6.1 04:03 N 3 5.5 9.3 13:19 1.8 21:13 10.0 0.0 0.0 7.1 18.1 13:46 NNE 4 3.0 6.6 12:52 0.0 08:10 14.9 0.0 0.0 5.8 19.1 13:09 NNE 5 4.5 9.3 14:38 0.3 02:26 11.0 0.0 0.0 2.4 8.7 08:56 NNE 6 8.1 10.4 17:44 3.9 01:15 7.4 0.0 0.0 1.5 7.9 19:12 S 7 11.1 13.2 12:51 9.3 21:32 4.4 0.0 0.0 5.4 18.1 10:54 S 8 12.2 13.0 13:16 10.7 02:44 3.3 0.0 0.6 7.2 19.9 12:01 SSW 9 11.9 14.6 12:34 10.0 20:50 3.6 0.0 0.9 6.6 21.7 12:35 SSW 10 11.4 13.1 14:16 5.7 23:59 4.1 0.0 2.7 7.5 24.2 19:53 SW 11 5.1 10.1 14:37 0.9 23:58 10.3 0.0 0.3 2.0 10.5 11:06 SW 12 7.9 11.9 13:36 0.7 00:04 7.7 0.0 2.4 3.4 14.8 14:31 SSW 13 11.0 13.2 13:09 7.3 04:25 4.5 0.0 1.8 5.0 21.7 19:19 S 14 8.6 12.1 14:48 5.6 05:16 6.1 0.0 0.3 1.6 14.8 13:29 SE 15 10.1 10.9 14:09 9.0 23:54 5.4 0.0 0.8 2.3 13.7 11:25 SE 16 8.2 10.8 11:50 5.4 19:10 7.3 0.0 0.0 0.1 5.7 00:00 SE 17 7.8 10.4 14:20 5.2 01:02 7.7 0.0 0.0 0.0 3.4 23:14 --- 18 6.2 8.1 02:15 2.9 21:44 9.2 0.0 0.0 0.5 6.8 02:35 NW 19 5.1 6.6 14:23 3.4 07:12 10.4 0.0 0.4 1.1 8.0 13:08 NNE 20 5.1 7.9 23:47 3.4 08:10 10.4 0.0 0.4 0.8 11.4 23:15 E 21 9.6 11.4 10:33 6.1 23:59 5.9 0.0 3.2 2.7 18.2 01:11 SW 22 4.7 9.9 14:47 0.7 07:10 10.8 0.0 0.2 0.4 8.0 12:35 SW 23 7.6 12.1 18:25 2.2 06:19 7.9 0.0 4.8 4.2 28.5 16:00 SW 24 7.9 10.6 22:02 3.9 06:14 7.6 0.0 0.0 3.3 19.4 13:26 WSW 25 11.7 12.8 11:09 10.5 00:00 3.8 0.0 0.0 5.7 21.7 00:52 WSW 26 6.2 12.0 00:04 -1.0 23:53 9.3 0.0 0.0 2.9 28.5 01:22 W 27 0.0 4.2 14:17 -2.8 04:59 15.5 0.0 0.2 0.1 4.6 06:57 NNE 28 2.5 9.6 14:42 -1.4 23:55 13.0 0.0 0.0 0.5 12.5 13:38 ESE 29 1.3 10.4 14:12 -3.2 07:26 14.2 0.0 0.2 0.1 4.6 14:14 SSE 30 1.5 4.4 18:57 -1.6 06:35 14.0 0.0 0.0 0.0 2.3 08:58 --- 31 6.0 9.6 14:50 3.3 01:18 9.5 0.0 0.2 0.4 9.1 19:27 SW ---------------------------------------------------------------------------------- 6.6 14.6 9 -5.1 1 278.8 0.0 19.7 2.7 28.5 23 SW Max >= 27.0: 0 Max <= 0.0: 0 Min <= 0.0: 8 Min <= -18.0: 0 Max Rain: 4.8 on day 23 Days of Rain: 17 (>= 0.2 mm) 4 (>= 2.0 mm) 0 (>= 20.0 mm) Heat Base: 15.5 Cool Base: 15.5 Method: Integration