NOAA-Style Climate Reports
Select a Year or Month report
2024: Jan Feb Mar Apr May Jun Jul Aug Sep Oct Nov Dec
2023: Jan Feb Mar Apr May Jun Jul Aug Sep Oct Nov Dec
2022: Jan Feb Mar Apr May Jun Jul Aug Sep Oct Nov Dec
2021: Jan Feb Mar Apr May Jun Jul Aug Sep Oct Nov Dec
2020: Jan Feb Mar Apr May Jun Jul Aug Sep Oct Nov Dec
2019: Jan Feb Mar Apr May Jun Jul Aug Sep Oct Nov Dec
2018: Jan Feb Mar Apr May Jun Jul Aug Sep Oct Nov Dec
2017: Jan Feb Mar Apr May Jun Jul Aug Sep Oct Nov Dec
2016: Jan Feb Mar Apr May Jun Jul Aug Sep Oct Nov Dec
2015: Jan Feb Mar Apr May Jun Jul Aug Sep Oct Nov Dec
2014: Jan Feb Mar Apr May Jun Jul Aug Sep Oct Nov Dec
2013: Jan Feb Mar Apr May Jun Jul Aug Sep Oct Nov Dec
2012: Jan Feb Mar Apr May Jun Jul Aug Sep Oct Nov Dec
2024: Jan Feb Mar Apr May Jun Jul Aug Sep Oct Nov Dec
2023: Jan Feb Mar Apr May Jun Jul Aug Sep Oct Nov Dec
2022: Jan Feb Mar Apr May Jun Jul Aug Sep Oct Nov Dec
2021: Jan Feb Mar Apr May Jun Jul Aug Sep Oct Nov Dec
2020: Jan Feb Mar Apr May Jun Jul Aug Sep Oct Nov Dec
2019: Jan Feb Mar Apr May Jun Jul Aug Sep Oct Nov Dec
2018: Jan Feb Mar Apr May Jun Jul Aug Sep Oct Nov Dec
2017: Jan Feb Mar Apr May Jun Jul Aug Sep Oct Nov Dec
2016: Jan Feb Mar Apr May Jun Jul Aug Sep Oct Nov Dec
2015: Jan Feb Mar Apr May Jun Jul Aug Sep Oct Nov Dec
2014: Jan Feb Mar Apr May Jun Jul Aug Sep Oct Nov Dec
2013: Jan Feb Mar Apr May Jun Jul Aug Sep Oct Nov Dec
2012: Jan Feb Mar Apr May Jun Jul Aug Sep Oct Nov Dec
Report for 2017 May
Monthly Climatological Summary for May 2017 Name: Fordingbridge Weather City: Fordingbridge State: Hampshire Elevation: 31 m Lat: N 50° 55' 53" Lon: W 001° 47' 21" Temperature (°C), Rain (mm), Wind Speed (mph) Heat Cool Avg Mean Deg Deg Wind Dom Day Temp High Time Low Time Days Days Rain Speed High Time Dir ---------------------------------------------------------------------------------- 1 10.6 15.0 17:17 6.3 06:10 4.9 0.0 2.4 2.9 16.0 15:32 NE 2 12.3 17.8 14:00 7.4 06:15 3.4 0.2 0.0 3.1 13.7 03:27 NE 3 9.9 12.9 15:56 6.3 05:30 5.6 0.0 0.0 6.5 23.9 09:44 NNE 4 11.9 16.3 13:53 8.7 00:31 3.6 0.0 0.0 6.2 23.9 11:02 NE 5 11.6 16.4 15:58 7.9 01:54 3.9 0.0 0.0 8.0 30.8 13:15 ENE 6 12.6 17.8 13:26 8.1 01:43 3.3 0.4 0.0 6.3 26.2 02:11 NE 7 12.1 19.6 18:11 5.4 03:54 4.1 0.7 0.0 3.1 13.7 15:15 NNW 8 10.6 15.6 15:53 5.4 06:27 4.9 0.0 0.0 5.2 19.4 09:16 NE 9 9.6 15.3 14:33 3.3 05:11 5.9 0.0 0.0 3.4 16.0 14:53 NNE 10 11.1 19.9 17:04 1.4 04:57 5.3 0.9 0.0 3.0 14.8 09:10 E 11 14.2 21.6 18:07 6.1 05:23 3.0 1.7 0.4 3.7 18.2 18:09 ESE 12 13.5 16.9 13:05 10.9 05:40 2.1 0.1 6.4 4.0 20.5 16:05 SSW 13 14.0 18.2 17:05 11.5 05:31 1.9 0.4 0.2 5.2 26.2 15:07 SSW 14 14.1 18.4 15:09 9.1 23:10 2.0 0.6 5.8 5.5 22.8 15:50 SW 15 13.5 17.2 15:05 9.3 00:38 2.1 0.1 8.0 4.7 22.8 13:31 S 16 16.0 19.3 14:08 13.8 05:41 0.5 1.0 1.4 4.6 22.8 11:11 SSW 17 14.1 15.7 10:45 10.7 23:49 1.4 0.0 22.2 2.1 12.5 01:22 W 18 12.0 16.8 12:39 7.7 05:45 3.7 0.1 2.0 1.7 12.5 16:58 W 19 11.4 17.3 15:09 6.8 05:21 4.2 0.1 0.4 3.1 17.1 14:44 W 20 11.0 16.6 16:19 3.9 05:39 4.5 0.1 2.0 4.3 25.1 15:11 SW 21 13.5 20.4 15:35 5.6 04:13 3.3 1.3 0.2 3.3 20.5 13:22 SSE 22 17.4 23.9 16:48 11.0 04:03 1.1 3.0 0.0 3.6 17.1 11:16 S 23 15.9 20.4 13:54 10.3 04:29 1.3 1.8 0.0 2.8 12.5 14:19 W 24 17.9 25.9 15:48 9.9 04:41 1.1 3.6 0.0 2.0 12.5 17:00 SSE 25 19.1 26.5 15:06 10.5 05:35 1.1 4.7 0.0 3.4 19.4 13:48 ESE 26 20.5 26.4 16:57 11.4 04:54 0.5 5.5 0.0 4.8 30.8 14:38 ESE 27 16.9 20.8 15:18 11.6 23:57 0.3 1.8 5.2 4.4 23.9 12:11 SSW 28 16.5 22.1 12:59 10.0 01:37 1.4 2.4 2.0 2.2 12.5 17:22 ENE 29 16.6 19.8 17:58 14.8 05:48 0.1 1.1 5.0 2.2 12.5 18:55 SSW 30 16.0 20.5 14:13 13.2 04:13 0.6 1.1 0.6 3.5 16.0 14:18 WSW 31 17.6 23.5 12:53 12.7 03:24 0.6 2.6 0.0 2.6 14.8 14:13 S ---------------------------------------------------------------------------------- 14.0 26.5 25 1.4 10 81.7 35.3 64.2 3.9 30.8 5 SE Max >= 27.0: 0 Max <= 0.0: 0 Min <= 0.0: 0 Min <= -18.0: 0 Max Rain: 22.2 on day 17 Days of Rain: 16 (>= 0.2 mm) 10 (>= 2.0 mm) 1 (>= 20.0 mm) Heat Base: 15.5 Cool Base: 15.5 Method: Integration