NOAA-Style Climate Reports
Select a Year or Month report
2024: Jan Feb Mar Apr May Jun Jul Aug Sep Oct Nov Dec
2023: Jan Feb Mar Apr May Jun Jul Aug Sep Oct Nov Dec
2022: Jan Feb Mar Apr May Jun Jul Aug Sep Oct Nov Dec
2021: Jan Feb Mar Apr May Jun Jul Aug Sep Oct Nov Dec
2020: Jan Feb Mar Apr May Jun Jul Aug Sep Oct Nov Dec
2019: Jan Feb Mar Apr May Jun Jul Aug Sep Oct Nov Dec
2018: Jan Feb Mar Apr May Jun Jul Aug Sep Oct Nov Dec
2017: Jan Feb Mar Apr May Jun Jul Aug Sep Oct Nov Dec
2016: Jan Feb Mar Apr May Jun Jul Aug Sep Oct Nov Dec
2015: Jan Feb Mar Apr May Jun Jul Aug Sep Oct Nov Dec
2014: Jan Feb Mar Apr May Jun Jul Aug Sep Oct Nov Dec
2013: Jan Feb Mar Apr May Jun Jul Aug Sep Oct Nov Dec
2012: Jan Feb Mar Apr May Jun Jul Aug Sep Oct Nov Dec
2024: Jan Feb Mar Apr May Jun Jul Aug Sep Oct Nov Dec
2023: Jan Feb Mar Apr May Jun Jul Aug Sep Oct Nov Dec
2022: Jan Feb Mar Apr May Jun Jul Aug Sep Oct Nov Dec
2021: Jan Feb Mar Apr May Jun Jul Aug Sep Oct Nov Dec
2020: Jan Feb Mar Apr May Jun Jul Aug Sep Oct Nov Dec
2019: Jan Feb Mar Apr May Jun Jul Aug Sep Oct Nov Dec
2018: Jan Feb Mar Apr May Jun Jul Aug Sep Oct Nov Dec
2017: Jan Feb Mar Apr May Jun Jul Aug Sep Oct Nov Dec
2016: Jan Feb Mar Apr May Jun Jul Aug Sep Oct Nov Dec
2015: Jan Feb Mar Apr May Jun Jul Aug Sep Oct Nov Dec
2014: Jan Feb Mar Apr May Jun Jul Aug Sep Oct Nov Dec
2013: Jan Feb Mar Apr May Jun Jul Aug Sep Oct Nov Dec
2012: Jan Feb Mar Apr May Jun Jul Aug Sep Oct Nov Dec
Report for 2017 June
Monthly Climatological Summary for Jun 2017 Name: Fordingbridge Weather City: Fordingbridge State: Hampshire Elevation: 31 m Lat: N 50° 55' 53" Lon: W 001° 47' 21" Temperature (°C), Rain (mm), Wind Speed (mph) Heat Cool Avg Mean Deg Deg Wind Dom Day Temp High Time Low Time Days Days Rain Speed High Time Dir ---------------------------------------------------------------------------------- 1 17.5 24.7 14:27 9.5 04:04 1.6 3.6 0.0 2.7 17.1 16:07 S 2 17.1 23.3 13:40 10.9 04:43 1.1 2.7 0.0 2.2 13.7 15:46 WNW 3 15.0 19.8 14:49 10.8 23:36 1.3 0.9 0.2 4.4 22.8 16:05 W 4 13.6 18.6 13:15 7.2 05:05 2.4 0.5 0.2 4.3 22.8 17:17 SW 5 13.0 16.2 13:57 9.0 03:37 2.5 0.0 15.6 6.9 37.6 18:45 S 6 13.2 16.6 14:17 10.3 07:36 2.4 0.1 6.2 11.0 34.2 10:36 W 7 14.1 18.4 12:51 10.3 05:29 1.9 0.6 1.2 8.0 25.1 09:38 WSW 8 14.4 17.3 15:25 13.1 23:58 1.2 0.1 4.6 6.8 28.5 15:44 SSW 9 15.2 19.7 15:55 10.8 04:27 1.4 1.1 0.8 5.6 25.1 13:57 SW 10 17.0 20.1 10:42 13.3 01:59 0.5 2.0 0.0 5.7 22.8 08:15 SSW 11 16.9 20.2 15:58 12.2 23:53 0.3 1.7 0.0 6.8 29.6 14:46 SW 12 14.9 20.2 16:24 10.4 04:10 1.6 1.0 0.0 4.5 19.4 14:39 WSW 13 16.3 24.3 18:22 7.4 04:51 2.1 2.9 0.0 1.5 10.3 18:07 SSW 14 18.7 26.2 16:19 8.6 04:58 1.6 4.8 0.0 2.8 19.4 11:53 SE 15 17.0 22.4 16:41 10.1 05:13 1.1 2.5 0.0 3.9 20.5 12:57 W 16 17.2 23.0 15:14 10.4 04:38 1.1 2.7 0.0 4.3 17.1 13:06 W 17 20.9 29.2 16:46 11.6 05:12 0.6 6.1 0.0 2.0 11.4 14:05 SW 18 22.2 30.8 16:31 12.5 05:10 0.4 7.1 0.0 1.5 12.5 13:50 S 19 23.8 32.3 15:43 14.6 04:59 0.1 8.4 0.0 1.8 12.5 15:15 SSE 20 24.0 33.2 15:31 15.3 05:23 0.0 8.5 0.0 2.0 13.7 11:13 E 21 23.5 32.8 14:20 16.5 05:03 0.0 8.0 0.0 3.2 14.8 16:03 SE 22 18.7 21.9 15:14 13.8 23:55 0.1 3.3 0.0 4.6 20.5 10:52 W 23 17.2 21.4 12:34 12.2 05:24 0.5 2.3 0.0 5.5 21.7 16:16 WSW 24 18.3 22.1 14:19 15.9 04:27 0.0 2.8 0.0 5.8 20.5 15:10 WSW 25 17.5 23.1 13:58 13.4 05:40 0.3 2.3 0.0 5.0 22.8 16:21 WSW 26 17.3 23.0 14:39 10.7 05:18 1.2 3.0 0.0 2.0 12.5 16:44 SE 27 16.9 22.3 12:11 12.6 02:16 0.6 1.9 5.2 1.4 10.3 09:21 S 28 15.6 17.4 14:43 13.2 23:51 0.3 0.4 19.4 2.3 12.5 15:08 NE 29 14.0 17.3 15:29 11.6 03:43 1.6 0.2 2.4 1.6 9.1 15:57 NW ---------------------------------------------------------------------------------- 17.3 33.2 20 7.2 4 29.8 81.5 55.8 4.1 37.6 5 SW Max >= 27.0: 5 Max <= 0.0: 0 Min <= 0.0: 0 Min <= -18.0: 0 Max Rain: 19.4 on day 28 Days of Rain: 10 (>= 0.2 mm) 6 (>= 2.0 mm) 0 (>= 20.0 mm) Heat Base: 15.5 Cool Base: 15.5 Method: Integration