NOAA-Style Climate Reports
Select a Year or Month report
2024: Jan Feb Mar Apr May Jun Jul Aug Sep Oct Nov Dec
2023: Jan Feb Mar Apr May Jun Jul Aug Sep Oct Nov Dec
2022: Jan Feb Mar Apr May Jun Jul Aug Sep Oct Nov Dec
2021: Jan Feb Mar Apr May Jun Jul Aug Sep Oct Nov Dec
2020: Jan Feb Mar Apr May Jun Jul Aug Sep Oct Nov Dec
2019: Jan Feb Mar Apr May Jun Jul Aug Sep Oct Nov Dec
2018: Jan Feb Mar Apr May Jun Jul Aug Sep Oct Nov Dec
2017: Jan Feb Mar Apr May Jun Jul Aug Sep Oct Nov Dec
2016: Jan Feb Mar Apr May Jun Jul Aug Sep Oct Nov Dec
2015: Jan Feb Mar Apr May Jun Jul Aug Sep Oct Nov Dec
2014: Jan Feb Mar Apr May Jun Jul Aug Sep Oct Nov Dec
2013: Jan Feb Mar Apr May Jun Jul Aug Sep Oct Nov Dec
2012: Jan Feb Mar Apr May Jun Jul Aug Sep Oct Nov Dec
2024: Jan Feb Mar Apr May Jun Jul Aug Sep Oct Nov Dec
2023: Jan Feb Mar Apr May Jun Jul Aug Sep Oct Nov Dec
2022: Jan Feb Mar Apr May Jun Jul Aug Sep Oct Nov Dec
2021: Jan Feb Mar Apr May Jun Jul Aug Sep Oct Nov Dec
2020: Jan Feb Mar Apr May Jun Jul Aug Sep Oct Nov Dec
2019: Jan Feb Mar Apr May Jun Jul Aug Sep Oct Nov Dec
2018: Jan Feb Mar Apr May Jun Jul Aug Sep Oct Nov Dec
2017: Jan Feb Mar Apr May Jun Jul Aug Sep Oct Nov Dec
2016: Jan Feb Mar Apr May Jun Jul Aug Sep Oct Nov Dec
2015: Jan Feb Mar Apr May Jun Jul Aug Sep Oct Nov Dec
2014: Jan Feb Mar Apr May Jun Jul Aug Sep Oct Nov Dec
2013: Jan Feb Mar Apr May Jun Jul Aug Sep Oct Nov Dec
2012: Jan Feb Mar Apr May Jun Jul Aug Sep Oct Nov Dec
Report for 2018 May
Monthly Climatological Summary for May 2018 Name: Fordingbridge Weather City: Fordingbridge State: Hampshire Elevation: 31 m Lat: N 50° 55' 53" Lon: W 001° 47' 21" Temperature (°C), Rain (mm), Wind Speed (mph) Heat Cool Avg Mean Deg Deg Wind Dom Day Temp High Time Low Time Days Days Rain Speed High Time Dir ---------------------------------------------------------------------------------- 1 8.4 13.4 11:21 1.1 05:14 7.1 0.0 0.4 5.1 26.2 15:30 SW 2 9.9 10.9 11:14 6.4 23:56 5.6 0.0 11.4 6.4 27.4 17:26 SW 3 10.6 16.8 15:18 2.4 04:42 5.0 0.1 0.0 2.6 17.1 16:03 SW 4 13.9 19.0 11:36 8.8 23:48 2.4 0.8 0.0 1.4 10.3 12:26 SSW 5 15.2 24.6 16:57 6.8 05:17 3.0 2.7 0.0 2.1 13.7 14:27 NNW 6 16.7 26.8 15:54 6.3 05:32 2.7 3.9 0.0 1.9 11.4 11:41 SE 7 18.3 28.2 13:34 9.0 05:47 1.9 4.7 0.0 2.3 13.7 16:10 S 8 14.4 21.3 13:20 8.7 05:22 2.5 1.5 0.0 2.9 19.4 13:56 W 9 11.7 18.3 12:47 5.1 05:30 4.1 0.3 1.0 3.4 17.1 12:42 WSW 10 11.7 16.8 16:16 7.4 05:55 3.8 0.1 5.0 4.3 19.4 10:16 W 11 12.0 16.9 12:08 4.8 03:22 3.7 0.2 0.0 4.6 27.4 09:47 SSE 12 10.8 14.0 13:12 6.1 05:17 4.7 0.0 0.0 1.4 8.0 01:35 WNW 13 11.9 19.0 15:03 4.1 05:57 4.1 0.5 0.0 2.4 14.8 16:49 WNW 14 14.0 21.2 16:26 5.9 05:00 3.1 1.6 0.0 4.0 20.5 17:34 NNW 15 17.0 23.8 16:38 10.6 00:50 1.3 2.8 0.0 4.6 18.2 15:16 N 16 14.1 18.1 11:44 9.8 23:51 1.7 0.3 0.0 6.9 23.9 13:43 NNE 17 12.0 19.2 15:37 5.4 05:31 4.2 0.7 0.0 4.4 19.4 11:29 NNE 18 11.7 19.2 15:43 3.7 04:59 4.5 0.6 0.0 1.9 13.7 15:57 E 19 13.3 21.2 14:02 4.4 05:38 3.8 1.6 0.0 2.2 16.0 15:45 SSE 20 13.8 22.1 13:55 5.1 05:37 3.6 1.9 0.0 1.7 14.8 13:43 S 21 14.8 24.6 16:04 6.4 05:03 2.9 2.2 0.8 2.8 20.5 16:44 NNE 22 16.8 23.2 15:28 10.3 03:30 1.5 2.8 0.2 5.0 19.4 13:29 NNE 23 15.5 22.2 15:38 8.8 05:09 1.9 1.9 0.8 5.7 18.2 16:14 NNE 24 13.3 15.2 14:02 11.3 04:30 2.2 0.0 4.2 4.2 14.8 01:49 NNE 25 15.7 19.6 17:34 12.5 05:55 0.9 1.1 1.2 2.8 11.4 11:23 N 26 19.1 26.8 16:48 12.5 01:59 0.7 4.3 5.0 6.2 34.2 23:29 NE 27 19.7 25.6 17:33 14.9 23:50 0.0 4.2 4.2 2.6 16.0 02:08 ESE 28 18.7 24.2 16:18 12.4 05:20 0.6 3.9 0.0 3.5 16.0 13:49 N 29 16.4 18.5 00:00 14.9 12:36 0.1 1.0 9.6 5.6 18.2 09:37 NNE 30 15.6 18.1 19:26 13.7 04:59 0.5 0.6 11.0 2.5 11.4 00:47 NE 31 17.6 22.4 17:18 13.9 23:51 0.1 2.2 0.4 1.6 10.3 18:12 SSE ---------------------------------------------------------------------------------- 14.3 28.2 7 1.1 1 84.2 48.5 55.2 3.5 34.2 26 N Max >= 27.0: 1 Max <= 0.0: 0 Min <= 0.0: 0 Min <= -18.0: 0 Max Rain: 11.4 on day 2 Days of Rain: 14 (>= 0.2 mm) 7 (>= 2.0 mm) 0 (>= 20.0 mm) Heat Base: 15.5 Cool Base: 15.5 Method: Integration