NOAA-Style Climate Reports
Select a Year or Month report
2024: Jan Feb Mar Apr May Jun Jul Aug Sep Oct Nov Dec
2023: Jan Feb Mar Apr May Jun Jul Aug Sep Oct Nov Dec
2022: Jan Feb Mar Apr May Jun Jul Aug Sep Oct Nov Dec
2021: Jan Feb Mar Apr May Jun Jul Aug Sep Oct Nov Dec
2020: Jan Feb Mar Apr May Jun Jul Aug Sep Oct Nov Dec
2019: Jan Feb Mar Apr May Jun Jul Aug Sep Oct Nov Dec
2018: Jan Feb Mar Apr May Jun Jul Aug Sep Oct Nov Dec
2017: Jan Feb Mar Apr May Jun Jul Aug Sep Oct Nov Dec
2016: Jan Feb Mar Apr May Jun Jul Aug Sep Oct Nov Dec
2015: Jan Feb Mar Apr May Jun Jul Aug Sep Oct Nov Dec
2014: Jan Feb Mar Apr May Jun Jul Aug Sep Oct Nov Dec
2013: Jan Feb Mar Apr May Jun Jul Aug Sep Oct Nov Dec
2012: Jan Feb Mar Apr May Jun Jul Aug Sep Oct Nov Dec
2024: Jan Feb Mar Apr May Jun Jul Aug Sep Oct Nov Dec
2023: Jan Feb Mar Apr May Jun Jul Aug Sep Oct Nov Dec
2022: Jan Feb Mar Apr May Jun Jul Aug Sep Oct Nov Dec
2021: Jan Feb Mar Apr May Jun Jul Aug Sep Oct Nov Dec
2020: Jan Feb Mar Apr May Jun Jul Aug Sep Oct Nov Dec
2019: Jan Feb Mar Apr May Jun Jul Aug Sep Oct Nov Dec
2018: Jan Feb Mar Apr May Jun Jul Aug Sep Oct Nov Dec
2017: Jan Feb Mar Apr May Jun Jul Aug Sep Oct Nov Dec
2016: Jan Feb Mar Apr May Jun Jul Aug Sep Oct Nov Dec
2015: Jan Feb Mar Apr May Jun Jul Aug Sep Oct Nov Dec
2014: Jan Feb Mar Apr May Jun Jul Aug Sep Oct Nov Dec
2013: Jan Feb Mar Apr May Jun Jul Aug Sep Oct Nov Dec
2012: Jan Feb Mar Apr May Jun Jul Aug Sep Oct Nov Dec
Report for 2019 March
Monthly Climatological Summary for Mar 2019 Name: Fordingbridge Weather City: Fordingbridge State: Hampshire Elevation: 31 m Lat: N 50° 55' 53" Lon: W 001° 47' 21" Temperature (°C), Rain (mm), Wind Speed (mph) Heat Cool Avg Mean Deg Deg Wind Dom Day Temp High Time Low Time Days Days Rain Speed High Time Dir ---------------------------------------------------------------------------------- 1 9.0 11.3 13:00 5.7 06:52 6.5 0.0 0.6 3.2 14.8 02:13 WSW 2 10.7 13.1 11:55 0.0 00:00 4.8 0.0 2.6 6.7 27.4 19:21 SW 3 10.5 11.9 13:05 8.1 23:59 5.0 0.0 9.4 9.2 43.3 17:10 SW 4 6.1 10.3 11:26 3.2 23:53 9.4 0.0 8.8 5.4 33.1 16:07 WSW 5 6.9 11.6 12:27 0.2 07:11 8.6 0.0 6.8 4.1 23.9 22:07 SSW 6 9.8 12.1 13:42 6.7 23:58 5.7 0.0 12.6 7.8 30.8 13:26 SSW 7 7.8 11.8 13:35 5.1 02:15 7.7 0.0 1.2 7.9 33.1 13:08 W 8 7.4 10.6 14:46 1.4 06:19 8.1 0.0 3.8 5.7 29.6 16:43 SW 9 9.2 13.5 11:44 5.9 04:51 6.3 0.0 2.4 6.4 37.6 13:03 W 10 7.7 10.9 04:00 2.2 20:20 7.8 0.0 5.6 10.8 55.9 07:37 W 11 7.4 11.3 13:55 3.2 00:00 8.1 0.0 0.0 7.9 28.5 23:12 W 12 7.2 9.6 11:26 3.8 14:09 8.3 0.0 13.4 9.0 38.8 11:07 SW 13 8.5 11.3 14:27 6.3 00:00 7.0 0.0 0.0 10.5 38.8 09:40 W 14 10.6 13.4 12:45 8.0 00:10 4.9 0.0 2.0 8.7 37.6 12:17 W 15 12.6 14.2 13:26 10.8 00:00 2.9 0.0 0.6 10.1 35.3 13:30 W 16 10.1 11.7 13:24 6.3 23:51 5.4 0.0 5.4 12.5 45.6 14:39 SW 17 6.4 10.4 14:53 3.6 06:33 9.1 0.0 0.0 6.6 25.1 12:47 W 18 7.4 10.4 13:29 4.0 04:05 8.1 0.0 0.0 3.9 21.7 10:40 W 19 8.0 12.6 11:40 1.9 05:39 7.5 0.0 0.0 1.7 12.5 11:49 SW 20 9.8 12.9 14:48 6.7 04:28 5.7 0.0 0.0 2.0 11.4 11:14 SW 21 11.0 13.7 14:21 9.1 05:49 4.5 0.0 0.0 1.5 8.0 10:06 WSW 22 9.8 11.0 12:48 8.2 23:58 5.7 0.0 0.0 2.4 11.4 04:15 SW 23 9.5 12.9 16:18 5.4 01:38 6.0 0.0 0.0 1.5 11.4 10:02 NE 24 8.1 14.3 14:50 2.8 07:11 7.4 0.0 0.0 2.7 16.0 12:33 NW 25 7.5 13.8 15:08 1.6 23:59 8.0 0.0 0.0 3.1 21.7 10:24 N 26 6.9 14.6 16:17 -0.6 05:59 8.6 0.0 0.0 1.6 13.7 13:13 NNW 27 7.6 15.2 16:21 0.6 04:29 7.8 0.0 0.0 1.8 13.7 13:03 N 28 7.9 16.4 14:13 0.3 04:13 7.7 0.0 0.0 1.6 13.7 15:49 S 29 9.8 17.9 15:03 3.7 23:59 6.0 0.3 0.0 1.2 11.4 14:06 SSW 30 10.4 19.8 15:12 2.1 06:13 5.8 0.8 0.2 1.8 12.5 15:22 WNW ---------------------------------------------------------------------------------- 8.7 19.8 30 -0.6 26 204.4 1.1 75.4 5.3 55.9 10 WSW Max >= 27.0: 0 Max <= 0.0: 0 Min <= 0.0: 2 Min <= -18.0: 0 Max Rain: 13.4 on day 12 Days of Rain: 15 (>= 0.2 mm) 11 (>= 2.0 mm) 0 (>= 20.0 mm) Heat Base: 15.5 Cool Base: 15.5 Method: Integration