NOAA-Style Climate Reports
Select a Year or Month report
2024: Jan Feb Mar Apr May Jun Jul Aug Sep Oct Nov Dec
2023: Jan Feb Mar Apr May Jun Jul Aug Sep Oct Nov Dec
2022: Jan Feb Mar Apr May Jun Jul Aug Sep Oct Nov Dec
2021: Jan Feb Mar Apr May Jun Jul Aug Sep Oct Nov Dec
2020: Jan Feb Mar Apr May Jun Jul Aug Sep Oct Nov Dec
2019: Jan Feb Mar Apr May Jun Jul Aug Sep Oct Nov Dec
2018: Jan Feb Mar Apr May Jun Jul Aug Sep Oct Nov Dec
2017: Jan Feb Mar Apr May Jun Jul Aug Sep Oct Nov Dec
2016: Jan Feb Mar Apr May Jun Jul Aug Sep Oct Nov Dec
2015: Jan Feb Mar Apr May Jun Jul Aug Sep Oct Nov Dec
2014: Jan Feb Mar Apr May Jun Jul Aug Sep Oct Nov Dec
2013: Jan Feb Mar Apr May Jun Jul Aug Sep Oct Nov Dec
2012: Jan Feb Mar Apr May Jun Jul Aug Sep Oct Nov Dec
2024: Jan Feb Mar Apr May Jun Jul Aug Sep Oct Nov Dec
2023: Jan Feb Mar Apr May Jun Jul Aug Sep Oct Nov Dec
2022: Jan Feb Mar Apr May Jun Jul Aug Sep Oct Nov Dec
2021: Jan Feb Mar Apr May Jun Jul Aug Sep Oct Nov Dec
2020: Jan Feb Mar Apr May Jun Jul Aug Sep Oct Nov Dec
2019: Jan Feb Mar Apr May Jun Jul Aug Sep Oct Nov Dec
2018: Jan Feb Mar Apr May Jun Jul Aug Sep Oct Nov Dec
2017: Jan Feb Mar Apr May Jun Jul Aug Sep Oct Nov Dec
2016: Jan Feb Mar Apr May Jun Jul Aug Sep Oct Nov Dec
2015: Jan Feb Mar Apr May Jun Jul Aug Sep Oct Nov Dec
2014: Jan Feb Mar Apr May Jun Jul Aug Sep Oct Nov Dec
2013: Jan Feb Mar Apr May Jun Jul Aug Sep Oct Nov Dec
2012: Jan Feb Mar Apr May Jun Jul Aug Sep Oct Nov Dec
Report for 2019 July
Monthly Climatological Summary for Jul 2019 Name: Fordingbridge Weather City: Fordingbridge State: Hampshire Elevation: 31 m Lat: N 50° 55' 53" Lon: W 001° 47' 21" Temperature (°C), Rain (mm), Wind Speed (mph) Heat Cool Avg Mean Deg Deg Wind Dom Day Temp High Time Low Time Days Days Rain Speed High Time Dir ---------------------------------------------------------------------------------- 1 16.3 21.4 15:36 10.6 04:23 1.1 1.9 0.0 3.2 18.2 11:46 WNW 2 16.5 23.0 16:02 10.2 05:06 1.4 2.4 0.0 3.5 19.4 16:07 NNE 3 17.4 24.4 17:03 11.7 05:39 1.1 3.0 0.0 3.0 14.8 17:05 NE 4 18.1 27.2 16:48 8.3 04:11 1.8 4.4 0.0 2.0 17.1 12:50 NE 5 19.2 26.4 15:28 11.1 04:20 1.0 4.7 0.0 1.1 11.4 12:58 WSW 6 20.0 27.1 15:16 12.3 04:38 0.6 5.0 0.0 1.8 12.5 11:04 NNW 7 18.1 25.2 14:53 14.5 07:25 0.1 2.7 0.4 2.7 16.0 17:23 WNW 8 18.0 24.0 17:13 10.6 05:58 1.0 3.4 0.0 2.2 14.8 13:03 S 9 18.4 26.1 14:18 10.9 04:46 1.0 3.9 0.0 1.9 14.8 11:41 SW 10 19.4 26.1 15:58 13.1 05:20 0.4 4.3 0.0 2.6 16.0 15:36 SW 11 19.6 24.2 18:40 14.8 05:10 0.1 4.2 0.0 5.4 12.5 15:50 W 12 19.9 25.9 16:40 14.1 03:10 0.1 4.5 0.0 6.8 18.2 18:20 NW 13 17.8 24.9 18:50 10.5 05:40 0.8 3.1 0.0 6.0 16.0 09:30 N 14 18.7 24.0 17:40 13.4 05:50 0.4 3.6 0.0 7.3 16.0 14:20 NE 15 17.1 25.3 16:30 10.3 05:30 1.2 2.8 0.0 5.9 13.7 08:40 E 16 17.4 25.2 14:40 8.4 06:00 1.8 3.6 0.0 4.7 14.8 15:00 SSW 17 17.6 23.9 16:06 9.7 05:27 1.3 3.5 0.0 2.0 12.5 12:25 SW 18 18.4 22.9 17:36 13.9 23:58 0.1 3.0 0.0 3.5 19.4 13:19 W 19 15.5 18.3 15:30 10.5 03:12 1.2 1.1 8.6 3.3 19.4 13:25 SSW 20 18.9 24.0 15:44 13.4 23:50 0.1 3.5 8.4 4.4 23.9 14:32 WSW 21 17.4 23.2 13:33 10.6 05:10 1.1 3.0 0.0 3.6 20.5 14:17 SW 22 20.5 26.4 15:49 16.5 23:57 0.0 5.0 0.0 3.7 17.1 14:49 SW 23 23.5 32.8 16:41 14.8 05:05 0.1 8.1 0.0 2.1 17.1 15:57 ESE 24 23.0 28.4 15:17 17.6 23:58 0.0 7.5 10.8 2.7 23.9 00:09 SW 25 23.8 32.1 17:43 15.6 05:47 0.0 8.3 0.0 1.9 14.8 19:07 SSW 26 20.5 25.0 15:11 17.8 05:01 0.0 5.0 0.0 2.4 16.0 13:09 SW 27 19.2 23.4 16:38 15.7 05:29 0.0 3.7 0.0 2.5 16.0 13:33 NNW 28 18.6 23.8 15:43 13.4 05:13 0.3 3.4 0.0 3.4 19.4 15:55 WNW 29 18.3 25.5 14:06 9.7 05:38 1.3 4.0 0.0 2.8 18.2 14:10 SE 30 17.9 20.6 17:40 16.2 07:33 0.0 2.4 14.8 7.5 29.6 07:15 S 31 18.4 23.1 16:22 13.4 23:57 0.1 3.0 1.0 4.8 20.5 11:48 WSW ---------------------------------------------------------------------------------- 18.8 32.8 23 8.3 4 19.5 122.0 44.0 3.3 29.6 30 WSW Max >= 27.0: 5 Max <= 0.0: 0 Min <= 0.0: 0 Min <= -18.0: 0 Max Rain: 14.8 on day 30 Days of Rain: 6 (>= 0.2 mm) 4 (>= 2.0 mm) 0 (>= 20.0 mm) Heat Base: 15.5 Cool Base: 15.5 Method: Integration