NOAA-Style Climate Reports
Select a Year or Month report
2024: Jan Feb Mar Apr May Jun Jul Aug Sep Oct Nov Dec
2023: Jan Feb Mar Apr May Jun Jul Aug Sep Oct Nov Dec
2022: Jan Feb Mar Apr May Jun Jul Aug Sep Oct Nov Dec
2021: Jan Feb Mar Apr May Jun Jul Aug Sep Oct Nov Dec
2020: Jan Feb Mar Apr May Jun Jul Aug Sep Oct Nov Dec
2019: Jan Feb Mar Apr May Jun Jul Aug Sep Oct Nov Dec
2018: Jan Feb Mar Apr May Jun Jul Aug Sep Oct Nov Dec
2017: Jan Feb Mar Apr May Jun Jul Aug Sep Oct Nov Dec
2016: Jan Feb Mar Apr May Jun Jul Aug Sep Oct Nov Dec
2015: Jan Feb Mar Apr May Jun Jul Aug Sep Oct Nov Dec
2014: Jan Feb Mar Apr May Jun Jul Aug Sep Oct Nov Dec
2013: Jan Feb Mar Apr May Jun Jul Aug Sep Oct Nov Dec
2012: Jan Feb Mar Apr May Jun Jul Aug Sep Oct Nov Dec
2024: Jan Feb Mar Apr May Jun Jul Aug Sep Oct Nov Dec
2023: Jan Feb Mar Apr May Jun Jul Aug Sep Oct Nov Dec
2022: Jan Feb Mar Apr May Jun Jul Aug Sep Oct Nov Dec
2021: Jan Feb Mar Apr May Jun Jul Aug Sep Oct Nov Dec
2020: Jan Feb Mar Apr May Jun Jul Aug Sep Oct Nov Dec
2019: Jan Feb Mar Apr May Jun Jul Aug Sep Oct Nov Dec
2018: Jan Feb Mar Apr May Jun Jul Aug Sep Oct Nov Dec
2017: Jan Feb Mar Apr May Jun Jul Aug Sep Oct Nov Dec
2016: Jan Feb Mar Apr May Jun Jul Aug Sep Oct Nov Dec
2015: Jan Feb Mar Apr May Jun Jul Aug Sep Oct Nov Dec
2014: Jan Feb Mar Apr May Jun Jul Aug Sep Oct Nov Dec
2013: Jan Feb Mar Apr May Jun Jul Aug Sep Oct Nov Dec
2012: Jan Feb Mar Apr May Jun Jul Aug Sep Oct Nov Dec
Report for 2019 November
Monthly Climatological Summary for Nov 2019 Name: Fordingbridge Weather City: Fordingbridge State: Hampshire Elevation: 31 m Lat: N 50° 55' 53" Lon: W 001° 47' 21" Temperature (°C), Rain (mm), Wind Speed (mph) Heat Cool Avg Mean Deg Deg Wind Dom Day Temp High Time Low Time Days Days Rain Speed High Time Dir ---------------------------------------------------------------------------------- 1 14.0 15.1 10:25 11.6 00:00 1.5 0.0 6.2 4.8 20.5 21:24 SSW 2 11.2 13.5 00:20 6.9 23:58 4.3 0.0 8.4 8.4 43.3 09:24 SW 3 8.1 13.6 13:51 2.1 05:32 7.4 0.0 2.8 1.5 19.4 13:52 W 4 8.4 12.6 13:49 3.8 06:31 7.1 0.0 12.0 0.8 10.3 12:39 SE 5 9.7 12.2 13:24 7.7 00:45 5.8 0.0 1.4 5.4 20.5 17:21 N 6 7.2 10.7 13:42 1.8 07:44 8.3 0.0 16.6 1.3 10.3 00:04 WNW 7 5.9 11.1 13:45 0.4 22:39 9.7 0.0 0.4 2.2 16.0 12:04 WSW 8 3.6 8.8 13:47 -0.8 06:09 11.9 0.0 0.2 2.4 18.2 10:51 NNW 9 3.4 8.9 14:22 -2.7 06:52 12.1 0.0 8.0 1.5 14.8 14:13 WSW 10 6.2 9.7 14:07 3.6 19:19 9.3 0.0 0.6 2.9 17.1 05:51 NNE 11 7.2 9.7 12:56 4.7 00:00 8.3 0.0 3.0 5.8 25.1 10:56 W 12 5.7 9.6 12:53 1.3 03:25 9.8 0.0 0.2 4.8 22.8 14:18 W 13 5.6 9.3 14:17 2.0 07:47 9.9 0.0 12.4 2.0 19.4 18:37 SSW 14 3.2 6.6 13:22 -1.1 07:07 12.3 0.0 0.4 1.4 11.4 22:53 NNE 15 6.3 8.6 13:58 4.5 04:50 9.2 0.0 3.4 6.5 22.8 19:06 N 16 5.3 8.7 13:10 0.6 23:31 10.2 0.0 0.4 2.5 17.1 03:43 NNE 17 3.3 8.8 14:07 -1.0 05:25 12.2 0.0 0.2 0.9 8.0 12:55 N 18 4.6 8.6 13:17 -1.7 23:49 10.9 0.0 0.2 2.5 16.0 13:44 NNW 19 3.7 9.4 14:09 -2.6 02:21 11.8 0.0 0.0 1.2 12.5 14:29 SSE 20 7.4 8.4 00:00 6.2 23:33 8.1 0.0 0.0 4.6 23.9 11:38 SE 21 6.8 8.7 14:53 4.2 01:11 8.7 0.0 5.8 3.0 20.5 14:52 E 22 8.3 9.7 14:41 5.1 06:55 7.2 0.0 11.2 4.3 19.4 11:42 ESE 23 9.7 10.6 13:35 8.9 00:49 5.8 0.0 5.0 3.7 18.2 03:03 ENE 24 10.1 11.2 13:29 8.4 02:26 5.4 0.0 1.0 1.7 13.7 21:25 SSE 25 11.1 12.7 12:27 9.8 00:00 4.4 0.0 7.2 3.6 17.1 03:31 SSE 26 11.2 13.6 12:16 9.2 02:33 4.3 0.0 7.8 4.8 25.1 08:46 S 27 9.8 11.4 13:14 7.1 07:31 5.7 0.0 7.0 3.3 21.7 20:02 WSW 28 8.7 10.9 13:01 7.1 08:28 6.8 0.0 0.2 2.7 14.8 13:42 W 29 4.5 8.0 13:31 -0.2 20:47 11.0 0.0 0.0 1.7 11.4 00:42 NNE 30 5.3 7.9 12:48 1.9 00:00 10.2 0.0 0.0 4.9 19.4 10:05 ENE ---------------------------------------------------------------------------------- 7.2 15.1 1 -2.7 9 249.6 0.0 122.0 3.2 43.3 2 W Max >= 27.0: 0 Max <= 0.0: 0 Min <= 0.0: 7 Min <= -18.0: 0 Max Rain: 16.6 on day 6 Days of Rain: 26 (>= 0.2 mm) 15 (>= 2.0 mm) 0 (>= 20.0 mm) Heat Base: 15.5 Cool Base: 15.5 Method: Integration